CRAN Package Check Results for Package corrr

Last updated on 2021-12-02 22:55:49 CET.

Flavor Version Tinstall Tcheck Ttotal Status Flags
r-devel-linux-x86_64-debian-clang 0.4.3 5.82 67.24 73.06 NOTE
r-devel-linux-x86_64-debian-gcc 0.4.3 4.37 49.29 53.66 ERROR
r-devel-linux-x86_64-fedora-clang 0.4.3 104.41 NOTE
r-devel-linux-x86_64-fedora-gcc 0.4.3 89.54 NOTE
r-devel-windows-x86_64-new-UL 0.4.3 14.00 120.00 134.00 NOTE
r-devel-windows-x86_64-new-TK 0.4.3 NOTE
r-devel-windows-x86_64-old 0.4.3 11.00 76.00 87.00 NOTE
r-patched-linux-x86_64 0.4.3 8.86 64.16 73.02 NOTE
r-patched-solaris-x86 0.4.3 107.80 NOTE
r-release-linux-x86_64 0.4.3 6.12 64.58 70.70 NOTE
r-release-macos-arm64 0.4.3 NOTE
r-release-macos-x86_64 0.4.3 NOTE
r-release-windows-ix86+x86_64 0.4.3 15.00 97.00 112.00 NOTE
r-oldrel-macos-x86_64 0.4.3 OK
r-oldrel-windows-ix86+x86_64 0.4.3 15.00 99.00 114.00 OK

Check Details

Version: 0.4.3
Check: LazyData
Result: NOTE
     'LazyData' is specified without a 'data' directory
Flavors: r-devel-linux-x86_64-debian-clang, r-devel-linux-x86_64-debian-gcc, r-devel-linux-x86_64-fedora-clang, r-devel-linux-x86_64-fedora-gcc, r-devel-windows-x86_64-new-UL, r-devel-windows-x86_64-new-TK, r-devel-windows-x86_64-old, r-patched-linux-x86_64, r-patched-solaris-x86, r-release-linux-x86_64, r-release-macos-arm64, r-release-macos-x86_64, r-release-windows-ix86+x86_64

Version: 0.4.3
Check: examples
Result: ERROR
    Running examples in ‘corrr-Ex.R’ failed
    The error most likely occurred in:
    
    > base::assign(".ptime", proc.time(), pos = "CheckExEnv")
    > ### Name: rearrange
    > ### Title: Re-arrange a correlation data frame
    > ### Aliases: rearrange
    >
    > ### ** Examples
    >
    > x <- correlate(mtcars)
    
    Correlation method: 'pearson'
    Missing treated using: 'pairwise.complete.obs'
    
    >
    > rearrange(x) # Default settings
    # A tibble: 11 × 12
     term mpg vs drat am gear qsec carb hp wt
     <chr> <dbl> <dbl> <dbl> <dbl> <dbl> <dbl> <dbl> <dbl> <dbl>
     1 mpg NA 0.664 0.681 0.600 0.480 0.419 -0.551 -0.776 -0.868
     2 vs 0.664 NA 0.440 0.168 0.206 0.745 -0.570 -0.723 -0.555
     3 drat 0.681 0.440 NA 0.713 0.700 0.0912 -0.0908 -0.449 -0.712
     4 am 0.600 0.168 0.713 NA 0.794 -0.230 0.0575 -0.243 -0.692
     5 gear 0.480 0.206 0.700 0.794 NA -0.213 0.274 -0.126 -0.583
     6 qsec 0.419 0.745 0.0912 -0.230 -0.213 NA -0.656 -0.708 -0.175
     7 carb -0.551 -0.570 -0.0908 0.0575 0.274 -0.656 NA 0.750 0.428
     8 hp -0.776 -0.723 -0.449 -0.243 -0.126 -0.708 0.750 NA 0.659
     9 wt -0.868 -0.555 -0.712 -0.692 -0.583 -0.175 0.428 0.659 NA
    10 disp -0.848 -0.710 -0.710 -0.591 -0.556 -0.434 0.395 0.791 0.888
    11 cyl -0.852 -0.811 -0.700 -0.523 -0.493 -0.591 0.527 0.832 0.782
    # … with 2 more variables: disp <dbl>, cyl <dbl>
    > rearrange(x, method = "HC") # Different seriation method
    Error in ser_permutation_vector(order, method = method$name) :
     'list' object cannot be coerced to type 'integer'
    Calls: rearrange ... seriate.dist -> ser_permutation -> ser_permutation_vector
    Execution halted
Flavor: r-devel-linux-x86_64-debian-gcc