Last updated on 2022-05-15 22:51:34 CEST.
Flavor | Version | Tinstall | Tcheck | Ttotal | Status | Flags |
---|---|---|---|---|---|---|
r-devel-linux-x86_64-debian-clang | 1.1.10 | 7.27 | 75.47 | 82.74 | OK | |
r-devel-linux-x86_64-debian-gcc | 1.1.10 | 6.01 | 56.47 | 62.48 | OK | |
r-devel-linux-x86_64-fedora-clang | 1.1.10 | 105.29 | NOTE | |||
r-devel-linux-x86_64-fedora-gcc | 1.1.10 | 94.23 | NOTE | |||
r-devel-windows-x86_64 | 1.1.10 | 22.00 | 105.00 | 127.00 | OK | |
r-patched-linux-x86_64 | 1.1.10 | 7.28 | 72.10 | 79.38 | OK | |
r-release-linux-x86_64 | 1.1.10 | 4.60 | 69.89 | 74.49 | OK | |
r-release-macos-arm64 | 1.1.10 | 31.00 | NOTE | |||
r-release-macos-x86_64 | 1.1.10 | 67.00 | NOTE | |||
r-release-windows-x86_64 | 1.1.10 | 24.00 | 103.00 | 127.00 | OK | |
r-oldrel-macos-arm64 | 1.1.10 | 33.00 | NOTE | |||
r-oldrel-macos-x86_64 | 1.1.10 | 40.00 | NOTE | |||
r-oldrel-windows-ix86+x86_64 | 1.1.10 | 18.00 | 96.00 | 114.00 | OK |
Version: 1.1.10
Check: dependencies in R code
Result: NOTE
Namespaces in Imports field not imported from:
‘knitr’ ‘rmarkdown’
All declared Imports should be used.
Flavors: r-devel-linux-x86_64-fedora-clang, r-devel-linux-x86_64-fedora-gcc, r-release-macos-arm64, r-release-macos-x86_64, r-oldrel-macos-arm64, r-oldrel-macos-x86_64