CRAN Package Check Results for Package countcolors

Last updated on 2023-12-08 23:08:06 CET.

Flavor Version Tinstall Tcheck Ttotal Status Flags
r-devel-linux-x86_64-debian-clang 0.9.1 2.84 107.24 110.08 NOTE
r-devel-linux-x86_64-debian-gcc 0.9.1 2.45 77.27 79.72 NOTE
r-devel-linux-x86_64-fedora-clang 0.9.1 131.44 NOTE
r-devel-linux-x86_64-fedora-gcc 0.9.1 142.33 NOTE
r-devel-windows-x86_64 0.9.1 5.00 98.00 103.00 NOTE
r-patched-linux-x86_64 0.9.1 2.92 104.71 107.63 NOTE
r-release-linux-x86_64 0.9.1 2.99 101.83 104.82 NOTE
r-release-macos-arm64 0.9.1 50.00 NOTE
r-release-macos-x86_64 0.9.1 70.00 NOTE
r-release-windows-x86_64 0.9.1 5.00 122.00 127.00 NOTE
r-oldrel-macos-arm64 0.9.1 39.00 NOTE
r-oldrel-macos-x86_64 0.9.1 71.00 NOTE
r-oldrel-windows-x86_64 0.9.1 5.00 120.00 125.00 NOTE

Check Details

Version: 0.9.1
Check: LazyData
Result: NOTE 'LazyData' is specified without a 'data' directory Flavors: r-devel-linux-x86_64-debian-clang, r-devel-linux-x86_64-debian-gcc, r-devel-linux-x86_64-fedora-clang, r-devel-linux-x86_64-fedora-gcc, r-devel-windows-x86_64, r-patched-linux-x86_64, r-release-linux-x86_64, r-release-macos-arm64, r-release-macos-x86_64, r-release-windows-x86_64, r-oldrel-macos-arm64, r-oldrel-macos-x86_64, r-oldrel-windows-x86_64

Version: 0.9.1
Check: dependencies in R code
Result: NOTE Namespace in Imports field not imported from: ‘jpeg’ All declared Imports should be used. Flavors: r-devel-linux-x86_64-fedora-clang, r-devel-linux-x86_64-fedora-gcc, r-oldrel-macos-arm64, r-oldrel-macos-x86_64