CRAN Package Check Results for Package countgmifs

Last updated on 2021-12-08 22:57:33 CET.

Flavor Version Tinstall Tcheck Ttotal Status Flags
r-devel-linux-x86_64-debian-clang 0.0.2 2.77 53.38 56.15 NOTE
r-devel-linux-x86_64-debian-gcc 0.0.2 2.19 42.44 44.63 NOTE
r-devel-linux-x86_64-fedora-clang 0.0.2 71.69 NOTE
r-devel-linux-x86_64-fedora-gcc 0.0.2 61.07 NOTE
r-devel-windows-x86_64-new-UL 0.0.2 10.00 117.00 127.00 NOTE
r-devel-windows-x86_64-new-TK 0.0.2 NOTE
r-devel-windows-x86_64-old 0.0.2 5.00 81.00 86.00 NOTE
r-patched-linux-x86_64 0.0.2 2.63 51.60 54.23 NOTE
r-release-linux-x86_64 0.0.2 2.70 51.83 54.53 NOTE
r-release-macos-arm64 0.0.2 NOTE
r-release-macos-x86_64 0.0.2 NOTE
r-release-windows-ix86+x86_64 0.0.2 6.00 73.00 79.00 NOTE
r-oldrel-macos-x86_64 0.0.2 OK
r-oldrel-windows-ix86+x86_64 0.0.2 6.00 71.00 77.00 OK

Check Details

Version: 0.0.2
Check: LazyData
Result: NOTE
     'LazyData' is specified without a 'data' directory
Flavors: r-devel-linux-x86_64-debian-clang, r-devel-linux-x86_64-debian-gcc, r-devel-linux-x86_64-fedora-clang, r-devel-linux-x86_64-fedora-gcc, r-devel-windows-x86_64-new-UL, r-devel-windows-x86_64-new-TK, r-devel-windows-x86_64-old, r-patched-linux-x86_64, r-release-linux-x86_64, r-release-macos-arm64, r-release-macos-x86_64, r-release-windows-ix86+x86_64