CRAN Package Check Results for Package covid19.analytics

Last updated on 2021-12-03 22:57:36 CET.

Flavor Version Tinstall Tcheck Ttotal Status Flags
r-devel-linux-x86_64-debian-clang 2.1.1 15.49 279.66 295.15 OK
r-devel-linux-x86_64-debian-gcc 2.1.1 10.73 183.90 194.63 OK
r-devel-linux-x86_64-fedora-clang 2.1.1 348.43 NOTE
r-devel-linux-x86_64-fedora-gcc 2.1.1 332.64 OK
r-devel-windows-x86_64-new-UL 2.1.1 36.00 317.00 353.00 NOTE
r-devel-windows-x86_64-new-TK 2.1.1 OK
r-devel-windows-x86_64-old 2.1.1 23.00 247.00 270.00 NOTE
r-patched-linux-x86_64 2.1.1 9.32 263.57 272.89 OK
r-release-linux-x86_64 2.1.1 13.46 260.79 274.25 OK
r-release-macos-arm64 2.1.1 NOTE
r-release-macos-x86_64 2.1.1 NOTE
r-release-windows-ix86+x86_64 2.1.1 30.00 449.00 479.00 NOTE
r-oldrel-macos-x86_64 2.1.1 NOTE
r-oldrel-windows-ix86+x86_64 2.1.1 30.00 444.00 474.00 NOTE

Check Details

Version: 2.1.1
Check: installed package size
Result: NOTE
     installed size is 5.1Mb
     sub-directories of 1Mb or more:
     doc 1.6Mb
     extdata 2.7Mb
Flavors: r-devel-linux-x86_64-fedora-clang, r-devel-windows-x86_64-new-UL, r-devel-windows-x86_64-old, r-release-macos-arm64, r-release-macos-x86_64, r-release-windows-ix86+x86_64, r-oldrel-macos-x86_64, r-oldrel-windows-ix86+x86_64