CRAN Package Check Results for Package cowsay

Last updated on 2022-05-24 22:50:04 CEST.

Flavor Version Tinstall Tcheck Ttotal Status Flags
r-devel-linux-x86_64-debian-clang 0.8.0 2.33 35.66 37.99 NOTE
r-devel-linux-x86_64-debian-gcc 0.8.0 1.72 27.92 29.64 NOTE
r-devel-linux-x86_64-fedora-clang 0.8.0 46.46 NOTE
r-devel-linux-x86_64-fedora-gcc 0.8.0 46.36 NOTE
r-devel-windows-x86_64 0.8.0 16.00 62.00 78.00 NOTE
r-patched-linux-x86_64 0.8.0 2.53 34.97 37.50 NOTE
r-release-linux-x86_64 0.8.0 NOTE
r-release-macos-arm64 0.8.0 17.00 NOTE
r-release-macos-x86_64 0.8.0 24.00 NOTE
r-release-windows-x86_64 0.8.0 14.00 58.00 72.00 NOTE
r-oldrel-macos-arm64 0.8.0 20.00 NOTE
r-oldrel-macos-x86_64 0.8.0 30.00 NOTE
r-oldrel-windows-ix86+x86_64 0.8.0 6.00 46.00 52.00 NOTE

Check Details

Version: 0.8.0
Check: LazyData
Result: NOTE
     'LazyData' is specified without a 'data' directory
Flavors: r-devel-linux-x86_64-debian-clang, r-devel-linux-x86_64-debian-gcc, r-devel-linux-x86_64-fedora-clang, r-devel-linux-x86_64-fedora-gcc, r-devel-windows-x86_64, r-patched-linux-x86_64, r-release-linux-x86_64, r-release-macos-arm64, r-release-macos-x86_64, r-release-windows-x86_64, r-oldrel-macos-arm64, r-oldrel-macos-x86_64, r-oldrel-windows-ix86+x86_64