CRAN Package Check Results for Package coxed

Last updated on 2022-01-27 23:00:58 CET.

Flavor Version Tinstall Tcheck Ttotal Status Flags
r-devel-linux-x86_64-debian-clang 0.3.3 22.15 231.30 253.45 OK
r-devel-linux-x86_64-debian-gcc 0.3.3 16.49 170.82 187.31 OK
r-devel-linux-x86_64-fedora-clang 0.3.3 288.73 NOTE
r-devel-linux-x86_64-fedora-gcc 0.3.3 280.85 NOTE
r-devel-windows-x86_64-new-UL 0.3.3 210.00 278.00 488.00 OK
r-devel-windows-x86_64-new-TK 0.3.3 ERROR
r-patched-linux-x86_64 0.3.3 25.17 203.61 228.78 OK
r-release-linux-x86_64 0.3.3 17.54 206.47 224.01 OK
r-release-macos-arm64 0.3.3 NOTE
r-release-macos-x86_64 0.3.3 NOTE
r-release-windows-ix86+x86_64 0.3.3 43.00 241.00 284.00 OK
r-oldrel-macos-x86_64 0.3.3 NOTE
r-oldrel-windows-ix86+x86_64 0.3.3 46.00 248.00 294.00 OK

Check Details

Version: 0.3.3
Check: dependencies in R code
Result: NOTE
    Namespace in Imports field not imported from: ‘mediation’
     All declared Imports should be used.
Flavors: r-devel-linux-x86_64-fedora-clang, r-devel-linux-x86_64-fedora-gcc, r-release-macos-arm64, r-release-macos-x86_64, r-oldrel-macos-x86_64

Version: 0.3.3
Check: package dependencies
Result: ERROR
    Package required but not available: 'mediation'
    
    See section 'The DESCRIPTION file' in the 'Writing R Extensions'
    manual.
Flavor: r-devel-windows-x86_64-new-TK