CRAN Package Check Results for Package cpsurvsim

Last updated on 2022-01-17 22:54:33 CET.

Flavor Version Tinstall Tcheck Ttotal Status Flags
r-devel-linux-x86_64-debian-clang 1.2.1 10.90 105.11 116.01 OK
r-devel-linux-x86_64-debian-gcc 1.2.1 9.34 80.24 89.58 OK
r-devel-linux-x86_64-fedora-clang 1.2.1 143.49 OK
r-devel-linux-x86_64-fedora-gcc 1.2.1 128.09 OK
r-devel-windows-x86_64-new-UL 1.2.1 34.00 122.00 156.00 OK
r-devel-windows-x86_64-new-TK 1.2.0 NOTE
r-patched-linux-x86_64 1.2.0 8.93 101.59 110.52 NOTE
r-release-linux-x86_64 1.2.1 OK
r-release-macos-arm64 1.2.1 OK
r-release-macos-x86_64 1.2.1 OK
r-release-windows-ix86+x86_64 1.2.1 7.00 9.00 16.00 ERROR
r-oldrel-macos-x86_64 1.2.0 OK
r-oldrel-windows-ix86+x86_64 1.2.1 7.00 8.00 15.00 ERROR

Check Details

Version: 1.2.0
Check: LazyData
Result: NOTE
     'LazyData' is specified without a 'data' directory
Flavors: r-devel-windows-x86_64-new-TK, r-patched-linux-x86_64

Version: 1.2.1
Check: whether package can be installed
Result: ERROR
    Installation failed.
Flavors: r-release-windows-ix86+x86_64, r-oldrel-windows-ix86+x86_64