CRAN Package Check Results for Package cqrReg

Last updated on 2021-11-27 22:56:54 CET.

Flavor Version Tinstall Tcheck Ttotal Status Flags
r-devel-linux-x86_64-debian-clang 1.2 NOTE
r-devel-linux-x86_64-debian-gcc 1.2 122.97 95.74 218.71 NOTE
r-devel-linux-x86_64-fedora-clang 1.2 438.61 NOTE
r-devel-linux-x86_64-fedora-gcc 1.2 385.96 NOTE
r-devel-windows-x86_64-new-UL 1.2 211.00 190.00 401.00 NOTE
r-devel-windows-x86_64-new-TK 1.2 NOTE
r-devel-windows-x86_64-old 1.2 191.00 156.00 347.00 NOTE
r-patched-linux-x86_64 1.2 147.65 119.01 266.66 NOTE
r-patched-solaris-x86 1.2 318.30 NOTE
r-release-linux-x86_64 1.2 NOTE
r-release-macos-arm64 1.2 NOTE
r-release-macos-x86_64 1.2 NOTE
r-release-windows-ix86+x86_64 1.2 415.00 178.00 593.00 NOTE
r-oldrel-macos-x86_64 1.2 NOTE
r-oldrel-windows-ix86+x86_64 1.2 304.00 227.00 531.00 NOTE

Check Details

Version: 1.2
Check: R code for possible problems
Result: NOTE
    QR.cd: no visible global function definition for 'quantile'
    QR.lasso.cd: no visible global function definition for 'quantile'
    cqr.cd: no visible global function definition for 'quantile'
    cqr.lasso.cd: no visible global function definition for 'quantile'
    cqr.lasso.mm: no visible global function definition for 'quantile'
    cqr.mm: no visible global function definition for 'quantile'
    Undefined global functions or variables:
     quantile
    Consider adding
     importFrom("stats", "quantile")
    to your NAMESPACE file.
Flavors: r-devel-linux-x86_64-debian-clang, r-devel-linux-x86_64-debian-gcc, r-devel-linux-x86_64-fedora-clang, r-devel-linux-x86_64-fedora-gcc, r-devel-windows-x86_64-new-UL, r-devel-windows-x86_64-new-TK, r-devel-windows-x86_64-old, r-patched-linux-x86_64, r-patched-solaris-x86, r-release-linux-x86_64, r-release-macos-arm64, r-release-macos-x86_64, r-release-windows-ix86+x86_64, r-oldrel-macos-x86_64, r-oldrel-windows-ix86+x86_64

Version: 1.2
Check: installed package size
Result: NOTE
     installed size is 7.7Mb
     sub-directories of 1Mb or more:
     libs 7.5Mb
Flavors: r-devel-linux-x86_64-fedora-clang, r-release-macos-arm64, r-release-macos-x86_64, r-oldrel-macos-x86_64

Version: 1.2
Check: compiled code
Result: NOTE
    File ‘cqrReg/libs/cqrReg.so’:
     Found no calls to: ‘R_registerRoutines’, ‘R_useDynamicSymbols’
    
    It is good practice to register native routines and to disable symbol
    search.
    
    See ‘Writing portable packages’ in the ‘Writing R Extensions’ manual.
Flavors: r-devel-linux-x86_64-fedora-clang, r-devel-linux-x86_64-fedora-gcc