CRAN Package Check Results for Package creditmodel

Last updated on 2022-01-27 23:00:58 CET.

Flavor Version Tinstall Tcheck Ttotal Status Flags
r-devel-linux-x86_64-debian-clang 1.3.1 28.21 628.67 656.88 OK
r-devel-linux-x86_64-debian-gcc 1.3.1 27.22 373.59 400.81 OK
r-devel-linux-x86_64-fedora-clang 1.3.1 661.62 OK
r-devel-linux-x86_64-fedora-gcc 1.3.1 568.45 OK
r-devel-windows-x86_64-new-UL 1.3.1 264.00 466.00 730.00 OK
r-devel-windows-x86_64-new-TK 1.3.1 OK
r-patched-linux-x86_64 1.3.1 27.44 467.10 494.54 OK
r-release-linux-x86_64 1.3.1 26.11 463.47 489.58 OK
r-release-macos-arm64 1.3.1 OK
r-release-macos-x86_64 1.3.1 WARN --as-cran
r-release-windows-ix86+x86_64 1.3.1 54.00 468.00 522.00 OK
r-oldrel-macos-x86_64 1.3.1 OK
r-oldrel-windows-ix86+x86_64 1.3.1 54.00 479.00 533.00 OK

Check Details

Version: 1.3.1
Flags: --as-cran
Check: CRAN incoming feasibility
Result: WARN
    Maintainer: ‘Dongping Fan <fdp@pku.edu.cn>’
    
    Insufficient package version (submitted: 1.3.1, existing: 1.3.1)
    
    Days since last update: 1
Flavor: r-release-macos-x86_64

Version: 1.3.1
Flags: --as-cran
Check: top-level files
Result: NOTE
    Files ‘README.md’ or ‘NEWS.md’ cannot be checked without ‘pandoc’ being installed.
Flavor: r-release-macos-x86_64