CRAN Package Check Results for Package crmPack

Last updated on 2021-12-02 22:55:49 CET.

Flavor Version Tinstall Tcheck Ttotal Status Flags
r-devel-linux-x86_64-debian-clang 1.0.0 22.73 203.60 226.33 NOTE --no-vignettes
r-devel-linux-x86_64-debian-gcc 1.0.0 16.44 152.42 168.86 NOTE --no-vignettes
r-devel-linux-x86_64-fedora-clang 1.0.0 1506.04 WARN
r-devel-linux-x86_64-fedora-gcc 1.0.0 1509.94 WARN
r-devel-windows-x86_64-new-UL 1.0.0 70.00 295.00 365.00 NOTE --no-vignettes
r-devel-windows-x86_64-new-TK 1.0.0 OK --no-vignettes
r-devel-windows-x86_64-old 1.0.0 44.00 186.00 230.00 NOTE --no-vignettes
r-patched-linux-x86_64 1.0.0 29.85 188.00 217.85 NOTE --no-vignettes
r-patched-solaris-x86 1.0.0 315.90 OK --no-vignettes
r-release-linux-x86_64 1.0.0 19.08 188.29 207.37 NOTE --no-vignettes
r-release-macos-arm64 1.0.0 OK
r-release-macos-x86_64 1.0.0 OK
r-release-windows-ix86+x86_64 1.0.0 50.00 176.00 226.00 NOTE --no-vignettes
r-oldrel-macos-x86_64 1.0.0 OK
r-oldrel-windows-ix86+x86_64 1.0.0 50.00 193.00 243.00 NOTE --no-vignettes

Check Details

Version: 1.0.0
Flags: --no-vignettes
Check: package vignettes
Result: NOTE
    Package vignette with placeholder title 'Vignette Title':
     'guidelines.Rmd'
Flavors: r-devel-linux-x86_64-debian-clang, r-devel-linux-x86_64-debian-gcc, r-devel-windows-x86_64-new-UL, r-devel-windows-x86_64-old, r-patched-linux-x86_64, r-release-linux-x86_64, r-release-windows-ix86+x86_64, r-oldrel-windows-ix86+x86_64

Version: 1.0.0
Check: re-building of vignette outputs
Result: WARN
    Error(s) in re-building vignettes:
    --- re-building ‘guidelines.Rmd’ using rmarkdown
    --- finished re-building ‘guidelines.Rmd’
    
    --- re-building ‘crmPack-jss-paper.Rnw’ using knitr
    Error: processing vignette 'crmPack-jss-paper.Rnw' failed with diagnostics:
    Running 'texi2dvi' on 'crmPack-jss-paper.tex' failed.
    LaTeX errors:
    ! Package xcolor Error: Undefined color `Blue'.
    
    See the xcolor package documentation for explanation.
    Type H <return> for immediate help.
     ...
    ! Package xcolor Error: Undefined color `Blue'.
    
    See the xcolor package documentation for explanation.
    Type H <return> for immediate help.
     ...
    ! Package xcolor Error: Undefined color `Blue'.
    
    See the xcolor package documentation for explanation.
    Type H <return> for immediate help.
     ...
    ! Package xcolor Error: Undefined color `Blue'.
    
    See the xcolor package documentation for explanation.
    Type H <return> for immediate help.
     ...
    ! Package xcolor Error: Undefined color `Blue'.
    
    See the xcolor package documentation for explanation.
    Type H <return> for immediate help.
     ...
    ! Package xcolor Error: Undefined color `Blue'.
    
    See the xcolor package documentation for explanation.
    Type H <return> for immediate help.
     ...
    ! Package xcolor Error: Undefined color `Blue'.
    
    See the xcolor package documentation for explanation.
    Type H <return> for immediate help.
     ...
    ! Package xcolor Error: Undefined color `Blue'.
    
    See the xcolor package documentation for explanation.
    Type H <return> for immediate help.
     ...
    ! Package xcolor Error: Undefined color `Blue'.
    
    See the xcolor package documentation for explanation.
    Type H <return> for immediate help.
     ...
    ! Package xcolor Error: Undefined color `Blue'.
    
    See the xcolor package documentation for explanation.
    Type H <return> for immediate help.
     ...
    ! Package xcolor Error: Undefined color `Blue'.
    
    See the xcolor package documentation for explanation.
    Type H <return> for immediate help.
     ...
    ! Package xcolor Error: Undefined color `Blue'.
    
    See the xcolor package documentation for explanation.
    Type H <return> for immediate help.
     ...
    ! Package xcolor Error: Undefined color `Blue'.
    
    See the xcolor package documentation for explanation.
    Type H <return> for immediate help.
     ...
    ! Package xcolor Error: Undefined color `Blue'.
    
    See the xcolor package documentation for explanation.
    Type H <return> for immediate help.
     ...
    ! Package xcolor Error: Undefined color `Blue'.
    
    See the xcolor package documentation for explanation.
    Type H <return> for immediate help.
     ...
    ! Package xcolor Error: Undefined color `Blue'.
    
    See the xcolor package documentation for explanation.
    Type H <return> for immediate help.
     ...
    ! Package xcolor Error: Undefined color `Blue'.
    
    See the xcolor package documentation for explanation.
    Type H <return> for immediate help.
     ...
    ! Package xcolor Error: Undefined color `Blue'.
    
    See the xcolor package documentation for explanation.
    Type H <return> for immediate help.
     ...
    ! Package xcolor Error: Undefined color `Blue'.
    
    See the xcolor package documentation for explanation.
    Type H <return> for immediate help.
     ...
    ! Package xcolor Error: Undefined color `Blue'.
    
    See the xcolor package documentation for explanation.
    Type H <return> for immediate help.
     ...
    ! Package xcolor Error: Undefined color `Blue'.
    
    See the xcolor package documentation for explanation.
    Type H <return> for immediate help.
     ...
    ! Package xcolor Error: Undefined color `Blue'.
    
    See the xcolor package documentation for explanation.
    Type H <return> for immediate help.
     ...
    ! Package xcolor Error: Undefined color `Blue'.
    
    See the xcolor package documentation for explanation.
    Type H <return> for immediate help.
     ...
    ! Package xcolor Error: Undefined color `Blue'.
    
    See the xcolor package documentation for explanation.
    Type H <return> for immediate help.
     ...
    ! Package xcolor Error: Undefined color `Blue'.
    
    See the xcolor package documentation for explanation.
    Type H <return> for immediate help.
     ...
    ! Package xcolor Error: Undefined color `Blue'.
    
    See the xcolor package documentation for explanation.
    Type H <return> for immediate help.
     ...
    ! Package xcolor Error: Undefined color `Blue'.
    
    See the xcolor package documentation for explanation.
    Type H <return> for immediate help.
     ...
    ! Package xcolor Error: Undefined color `Blue'.
    
    See the xcolor package documentation for explanation.
    Type H <return> for immediate help.
     ...
    ! Package xcolor Error: Undefined color `Blue'.
    
    See the xcolor package documentation for explanation.
    Type H <return> for immediate help.
     ...
    ! Package xcolor Error: Undefined color `Blue'.
    
    See the xcolor package documentation for explanation.
    Type H <return> for immediate help.
     ...
    ! Package xcolor Error: Undefined color `Blue'.
    
    See the xcolor package documentation for explanation.
    Type H <return> for immediate help.
     ...
    ! Package xcolor Error: Undefined color `Blue'.
    
    See the xcolor package documentation for explanation.
    Type H <return> for immediate help.
     ...
    ! Package xcolor Error: Undefined color `Blue'.
    
    See the xcolor package documentation for explanation.
    Type H <return> for immediate help.
     ...
    ! Package xcolor Error: Undefined color `Blue'.
    
    See the xcolor package documentation for explanation.
    Type H <return> for immediate help.
     ...
    ! Package xcolor Error: Undefined color `Blue'.
    
    See the xcolor package documentation for explanation.
    Type H <return> for immediate help.
     ...
    ! Package xcolor Error: Undefined color `Blue'.
    
    See the xcolor package documentation for explanation.
    Type H <return> for immediate help.
     ...
    ! Package xcolor Error: Undefined color `Blue'.
    
    See the xcolor package documentation for explanation.
    Type H <return> for immediate help.
     ...
    ! Package xcolor Error: Undefined color `Blue'.
    
    See the xcolor package documentation for explanation.
    Type H <return> for immediate help.
     ...
    ! Package xcolor Error: Undefined color `Blue'.
    
    See the xcolor package documentation for explanation.
    Type H <return> for immediate help.
     ...
    ! Package xcolor Error: Undefined color `Blue'.
    
    See the xcolor package documentation for explanation.
    Type H <return> for immediate help.
     ...
    ! Package xcolor Error: Undefined color `Blue'.
    
    See the xcolor package documentation for explanation.
    Type H <return> for immediate help.
     ...
    ! Package xcolor Error: Undefined color `Blue'.
    
    See the xcolor package documentation for explanation.
    Type H <return> for immediate help.
     ...
    ! Package xcolor Error: Undefined color `Blue'.
    
    See the x
    --- failed re-building ‘crmPack-jss-paper.Rnw’
    
    --- re-building ‘example.Rnw’ using Sweave
    Warning in Data(x = c(0.1, 0.5, 1.5, 3, 6, 10, 10, 10), y = c(0, 0, 0, 0, :
     Used default patient IDs!
    Loading required package: dplyr
    
    Attaching package: ‘dplyr’
    
    The following objects are masked from ‘package:stats’:
    
     filter, lag
    
    The following objects are masked from ‘package:base’:
    
     intersect, setdiff, setequal, union
    
    Loading required package: tidyr
    Warning in Data(x = c(25, 50, 50, 75, 100, 100, 225, 300), y = c(0, 0, 0, :
     Used default patient IDs!
    Warning in Data(x = c(25, 50, 50, 75, 100, 100, 225, 300), y = c(0, 0, 0, :
     Used best guess cohort indices!
    Warning: Removed 658 rows containing non-finite values (stat_density).
    Warning: Removed 828 rows containing non-finite values (stat_density).
    Warning: Removed 1 rows containing missing values (geom_vline).
    Warning: Removed 1 rows containing missing values (geom_text).
    starting httpd help server ... done
    Scale for 'x' is already present. Adding another scale for 'x', which
    will replace the existing scale.
    Warning: Removed 1 rows containing missing values (geom_bar).
    Warning in Data(...) : Used default patient IDs!
    Warning in Data(...) : Used best guess cohort indices!
    Warning: It is deprecated to specify `guide = FALSE` to remove a guide. Please use `guide = "none"` instead.
    Warning: It is deprecated to specify `guide = FALSE` to remove a guide. Please use `guide = "none"` instead.
    Note: method with signature ‘Simulations#missing’ chosen for function ‘plot’,
     target signature ‘DualSimulations#missing’.
     "GeneralSimulations#missing" would also be valid
    Warning in Data(...) : Used default patient IDs!
    Warning in Data(...) : Used best guess cohort indices!
    Warning: It is deprecated to specify `guide = FALSE` to remove a guide. Please use `guide = "none"` instead.
    Warning: It is deprecated to specify `guide = FALSE` to remove a guide. Please use `guide = "none"` instead.
    Warning: Removed 2 rows containing missing values (geom_bar).
    Note: method with signature ‘PseudoSimulations#missing’ chosen for function ‘plot’,
     target signature ‘PseudoDualSimulations#missing’.
     "GeneralSimulations#missing" would also be valid
    --- finished re-building ‘example.Rnw’
    
    SUMMARY: processing the following file failed:
     ‘crmPack-jss-paper.Rnw’
    
    Error: Vignette re-building failed.
    Execution halted
Flavors: r-devel-linux-x86_64-fedora-clang, r-devel-linux-x86_64-fedora-gcc