CRAN Package Check Results for Package cropZoning

Last updated on 2021-12-04 22:59:31 CET.

Flavor Version Tinstall Tcheck Ttotal Status Flags
r-devel-linux-x86_64-debian-clang 1.0.1 29.95 233.01 262.96 NOTE
r-devel-linux-x86_64-debian-gcc 1.0.1 21.64 172.45 194.09 NOTE
r-devel-linux-x86_64-fedora-clang 1.0.1 308.45 NOTE
r-devel-linux-x86_64-fedora-gcc 1.0.1 294.74 NOTE
r-devel-windows-x86_64-new-UL 1.0.1 42.00 243.00 285.00 NOTE
r-devel-windows-x86_64-new-TK 1.0.1 NOTE
r-devel-windows-x86_64-old 1.0.1 41.00 179.00 220.00 NOTE
r-patched-linux-x86_64 1.0.1 26.15 212.73 238.88 NOTE
r-release-linux-x86_64 1.0.1 23.81 212.69 236.50 NOTE
r-release-macos-arm64 1.0.1 NOTE
r-release-macos-x86_64 1.0.1 NOTE
r-release-windows-ix86+x86_64 1.0.1 59.00 251.00 310.00 NOTE
r-oldrel-macos-x86_64 1.0.1 OK
r-oldrel-windows-ix86+x86_64 1.0.1 63.00 262.00 325.00 OK

Check Details

Version: 1.0.1
Check: LazyData
Result: NOTE
     'LazyData' is specified without a 'data' directory
Flavors: r-devel-linux-x86_64-debian-clang, r-devel-linux-x86_64-debian-gcc, r-devel-linux-x86_64-fedora-clang, r-devel-linux-x86_64-fedora-gcc, r-devel-windows-x86_64-new-UL, r-devel-windows-x86_64-new-TK, r-devel-windows-x86_64-old, r-patched-linux-x86_64, r-release-linux-x86_64, r-release-macos-arm64, r-release-macos-x86_64, r-release-windows-ix86+x86_64