CRAN Package Check Results for Package crosstable

Last updated on 2024-02-28 22:59:15 CET.

Flavor Version Tinstall Tcheck Ttotal Status Flags
r-devel-linux-x86_64-debian-clang 0.7.0 16.16 317.04 333.20 OK
r-devel-linux-x86_64-debian-gcc 0.7.0 10.61 234.67 245.28 OK
r-devel-linux-x86_64-fedora-clang 0.7.0 395.51 OK
r-devel-linux-x86_64-fedora-gcc 0.7.0 417.78 OK
r-devel-windows-x86_64 0.7.0 14.00 212.00 226.00 WARN
r-patched-linux-x86_64 0.7.0 21.44 306.05 327.49 OK
r-release-linux-x86_64 0.7.0 9.95 303.26 313.21 OK
r-release-macos-arm64 0.7.0 121.00 OK
r-release-macos-x86_64 0.7.0 266.00 OK
r-release-windows-x86_64 0.7.0 17.00 268.00 285.00 OK
r-oldrel-macos-arm64 0.7.0 102.00 OK
r-oldrel-windows-x86_64 0.7.0 20.00 254.00 274.00 OK

Check Details

Version: 0.7.0
Check: examples
Result: WARN Found the following significant warnings: Warning in is.R() : 'is.R' is deprecated. Warning in is.R() : 'is.R' is deprecated. Warning in is.R() : 'is.R' is deprecated. Warning in is.R() : 'is.R' is deprecated. Deprecated functions may be defunct as soon as of the next release of R. See ?Deprecated. Flavor: r-devel-windows-x86_64