CRAN Package Check Results for Package crrstep

Last updated on 2022-05-19 22:54:07 CEST.

Flavor Version Tinstall Tcheck Ttotal Status Flags
r-devel-linux-x86_64-debian-clang 2015-2.1 7.21 81.59 88.80 NOTE
r-devel-linux-x86_64-debian-gcc 2015-2.1 5.15 62.64 67.79 NOTE
r-devel-linux-x86_64-fedora-clang 2015-2.1 106.91 NOTE
r-devel-linux-x86_64-fedora-gcc 2015-2.1 104.84 NOTE
r-devel-windows-x86_64 2015-2.1 12.00 88.00 100.00 NOTE
r-patched-linux-x86_64 2015-2.1 10.45 79.94 90.39 NOTE
r-release-linux-x86_64 2015-2.1 8.41 77.70 86.11 NOTE
r-release-macos-arm64 2015-2.1 32.00 NOTE
r-release-macos-x86_64 2015-2.1 45.00 NOTE
r-release-windows-x86_64 2015-2.1 12.00 90.00 102.00 NOTE
r-oldrel-macos-arm64 2015-2.1 40.00 NOTE
r-oldrel-macos-x86_64 2015-2.1 58.00 NOTE
r-oldrel-windows-ix86+x86_64 2015-2.1 17.00 91.00 108.00 NOTE

Check Details

Version: 2015-2.1
Check: R code for possible problems
Result: NOTE
    crrstep : crr.makecov1: no visible global function definition for
     'model.matrix'
    crrstep : crr.dropterm: no visible global function definition for
     'terms'
    crrstep : crr.dropterm: no visible global function definition for
     'as.formula'
    crrstep : crr.addterm: no visible global function definition for
     'terms'
    crrstep : crr.addterm: no visible global function definition for
     'as.formula'
    crrstep: no visible global function definition for 'as.formula'
    crrstep: no visible global function definition for 'terms'
    crrstep: no visible global function definition for 'model.frame'
    crrstep: no visible binding for global variable 'na.pass'
    crrstep: no visible global function definition for 'update'
    crrstep: no visible global function definition for 'drop.terms'
    Undefined global functions or variables:
     as.formula drop.terms model.frame model.matrix na.pass terms update
    Consider adding
     importFrom("stats", "as.formula", "drop.terms", "model.frame",
     "model.matrix", "na.pass", "terms", "update")
    to your NAMESPACE file.
Flavors: r-devel-linux-x86_64-debian-clang, r-devel-linux-x86_64-debian-gcc, r-devel-linux-x86_64-fedora-clang, r-devel-linux-x86_64-fedora-gcc, r-devel-windows-x86_64, r-patched-linux-x86_64, r-release-linux-x86_64, r-release-macos-arm64, r-release-macos-x86_64, r-release-windows-x86_64, r-oldrel-macos-arm64, r-oldrel-macos-x86_64, r-oldrel-windows-ix86+x86_64