Last updated on 2023-06-03 22:56:38 CEST.
Flavor | Version | Tinstall | Tcheck | Ttotal | Status | Flags |
---|---|---|---|---|---|---|
r-devel-linux-x86_64-debian-clang | 0.2.3 | 11.92 | 119.90 | 131.82 | OK | |
r-devel-linux-x86_64-debian-gcc | 0.2.3 | 10.12 | 90.50 | 100.62 | OK | |
r-devel-linux-x86_64-fedora-clang | 0.2.3 | 162.89 | NOTE | |||
r-devel-linux-x86_64-fedora-gcc | 0.2.3 | 169.10 | NOTE | |||
r-devel-windows-x86_64 | 0.2.3 | 13.00 | 107.00 | 120.00 | OK | |
r-patched-linux-x86_64 | 0.2.3 | OK | ||||
r-release-linux-x86_64 | 0.2.3 | 11.44 | 113.65 | 125.09 | OK | |
r-release-macos-arm64 | 0.2.3 | 56.00 | OK | |||
r-release-macos-x86_64 | 0.2.3 | 87.00 | OK | |||
r-release-windows-x86_64 | 0.2.3 | 14.00 | 123.00 | 137.00 | OK | |
r-oldrel-macos-arm64 | 0.2.3 | 45.00 | NOTE | |||
r-oldrel-macos-x86_64 | 0.2.3 | 105.00 | NOTE | |||
r-oldrel-windows-x86_64 | 0.2.3 | 16.00 | 127.00 | 143.00 | OK |
Version: 0.2.3
Check: data for non-ASCII characters
Result: NOTE
Note: found 500 marked UTF-8 strings
Flavors: r-devel-linux-x86_64-fedora-clang, r-devel-linux-x86_64-fedora-gcc, r-oldrel-macos-arm64, r-oldrel-macos-x86_64