Last updated on 2023-06-01 23:00:01 CEST.
Flavor | Version | Tinstall | Tcheck | Ttotal | Status | Flags |
---|---|---|---|---|---|---|
r-devel-linux-x86_64-debian-clang | 1.2-2.1 | 9.96 | 71.57 | 81.53 | NOTE | |
r-devel-linux-x86_64-debian-gcc | 1.2-2.1 | 7.45 | 56.13 | 63.58 | NOTE | |
r-devel-linux-x86_64-fedora-clang | 1.2-2.1 | 100.04 | NOTE | |||
r-devel-linux-x86_64-fedora-gcc | 1.2-2.1 | 98.60 | NOTE | |||
r-devel-windows-x86_64 | 1.2-2.1 | 8.00 | 71.00 | 79.00 | NOTE | |
r-patched-linux-x86_64 | 1.2-2.1 | NOTE | ||||
r-release-linux-x86_64 | 1.2-2.1 | 8.91 | 70.89 | 79.80 | NOTE | |
r-release-macos-arm64 | 1.2-2.1 | 34.00 | NOTE | |||
r-release-macos-x86_64 | 1.2-2.1 | 51.00 | NOTE | |||
r-release-windows-x86_64 | 1.2-2.1 | 10.00 | 77.00 | 87.00 | NOTE | |
r-oldrel-macos-arm64 | 1.2-2.1 | 29.00 | NOTE | |||
r-oldrel-macos-x86_64 | 1.2-2.1 | 41.00 | NOTE | |||
r-oldrel-windows-x86_64 | 1.2-2.1 | 10.00 | 96.00 | 106.00 | NOTE |
Version: 1.2-2.1
Check: LazyData
Result: NOTE
'LazyData' is specified without a 'data' directory
Flavors: r-devel-linux-x86_64-debian-clang, r-devel-linux-x86_64-debian-gcc, r-devel-linux-x86_64-fedora-clang, r-devel-linux-x86_64-fedora-gcc, r-devel-windows-x86_64, r-patched-linux-x86_64, r-release-linux-x86_64, r-release-macos-arm64, r-release-macos-x86_64, r-release-windows-x86_64, r-oldrel-macos-arm64, r-oldrel-macos-x86_64, r-oldrel-windows-x86_64