CRAN Package Check Results for Package csampling

Last updated on 2022-05-18 21:53:13 CEST.

Flavor Version Tinstall Tcheck Ttotal Status Flags
r-devel-linux-x86_64-debian-clang 1.2-2.1 9.39 76.64 86.03 NOTE
r-devel-linux-x86_64-debian-gcc 1.2-2.1 5.96 59.49 65.45 NOTE
r-devel-linux-x86_64-fedora-clang 1.2-2.1 100.49 NOTE
r-devel-linux-x86_64-fedora-gcc 1.2-2.1 99.25 NOTE
r-devel-windows-x86_64 1.2-2.1 19.00 92.00 111.00 NOTE
r-patched-linux-x86_64 1.2-2.1 7.65 73.23 80.88 NOTE
r-release-linux-x86_64 1.2-2.1 6.33 73.74 80.07 NOTE
r-release-macos-arm64 1.2-2.1 29.00 NOTE
r-release-macos-x86_64 1.2-2.1 41.00 NOTE
r-release-windows-x86_64 1.2-2.1 20.00 96.00 116.00 NOTE
r-oldrel-macos-arm64 1.2-2.1 37.00 NOTE
r-oldrel-macos-x86_64 1.2-2.1 50.00 NOTE
r-oldrel-windows-ix86+x86_64 1.2-2.1 17.00 83.00 100.00 NOTE

Check Details

Version: 1.2-2.1
Check: LazyData
Result: NOTE
     'LazyData' is specified without a 'data' directory
Flavors: r-devel-linux-x86_64-debian-clang, r-devel-linux-x86_64-debian-gcc, r-devel-linux-x86_64-fedora-clang, r-devel-linux-x86_64-fedora-gcc, r-devel-windows-x86_64, r-patched-linux-x86_64, r-release-linux-x86_64, r-release-macos-arm64, r-release-macos-x86_64, r-release-windows-x86_64, r-oldrel-macos-arm64, r-oldrel-macos-x86_64, r-oldrel-windows-ix86+x86_64