CRAN Package Check Results for Package ctgdist

Last updated on 2021-12-04 22:59:31 CET.

Flavor Version Tinstall Tcheck Ttotal Status Flags
r-devel-linux-x86_64-debian-clang 0.1.0 8.76 79.92 88.68 NOTE
r-devel-linux-x86_64-debian-gcc 0.1.0 7.52 63.34 70.86 NOTE
r-devel-linux-x86_64-fedora-clang 0.1.0 107.77 NOTE
r-devel-linux-x86_64-fedora-gcc 0.1.0 95.61 NOTE
r-devel-windows-x86_64-new-UL 0.1.0 14.00 107.00 121.00 NOTE
r-devel-windows-x86_64-new-TK 0.1.0 NOTE
r-devel-windows-x86_64-old 0.1.0 13.00 66.00 79.00 NOTE
r-patched-linux-x86_64 0.1.0 8.11 69.83 77.94 NOTE
r-release-linux-x86_64 0.1.0 6.97 68.83 75.80 NOTE
r-release-macos-arm64 0.1.0 NOTE
r-release-macos-x86_64 0.1.0 NOTE
r-release-windows-ix86+x86_64 0.1.0 19.00 93.00 112.00 NOTE
r-oldrel-macos-x86_64 0.1.0 OK
r-oldrel-windows-ix86+x86_64 0.1.0 20.00 95.00 115.00 OK

Check Details

Version: 0.1.0
Check: LazyData
Result: NOTE
     'LazyData' is specified without a 'data' directory
Flavors: r-devel-linux-x86_64-debian-clang, r-devel-linux-x86_64-debian-gcc, r-devel-linux-x86_64-fedora-clang, r-devel-linux-x86_64-fedora-gcc, r-devel-windows-x86_64-new-UL, r-devel-windows-x86_64-new-TK, r-devel-windows-x86_64-old, r-patched-linux-x86_64, r-release-linux-x86_64, r-release-macos-arm64, r-release-macos-x86_64, r-release-windows-ix86+x86_64