CRAN Package Check Results for Package cthist

Last updated on 2023-02-06 00:52:25 CET.

Flavor Version Tinstall Tcheck Ttotal Status Flags
r-devel-linux-x86_64-debian-clang 1.4.0 3.68 47.58 51.26 OK
r-devel-linux-x86_64-debian-gcc 1.4.0 3.27 37.05 40.32 OK
r-devel-linux-x86_64-fedora-clang 1.4.0 61.22 OK
r-devel-linux-x86_64-fedora-gcc 1.4.0 59.06 OK
r-devel-windows-x86_64 1.4.0 14.00 113.00 127.00 OK
r-patched-linux-x86_64 1.4.0 4.18 47.51 51.69 OK
r-release-linux-x86_64 1.4.0 4.48 47.58 52.06 OK
r-release-macos-arm64 1.4.0 86.00 OK
r-release-macos-x86_64 1.4.0 89.00 OK
r-release-windows-x86_64 1.4.0 31.00 109.00 140.00 OK
r-oldrel-macos-arm64 1.4.0 84.00 OK
r-oldrel-macos-x86_64 1.4.0 90.00 OK
r-oldrel-windows-ix86+x86_64 1.4.0 10.00 63.00 73.00 ERROR

Check Details

Version: 1.4.0
Check: tests
Result: ERROR
     Running 'testthat.R' [8s]
    Running the tests in 'tests/testthat.R' failed.
    Complete output:
     > library(testthat)
     > library(cthist)
     >
     > test_check("cthist")
     Unable to connect to clinicaltrials.gov
     Unable to connect to clinicaltrials.gov
     Unable to connect to clinicaltrials.gov
     Unable to connect to clinicaltrials.gov
     Unable to connect to clinicaltrials.gov
     Unable to connect to clinicaltrials.gov
     Unable to connect to clinicaltrials.gov
     Unable to connect to clinicaltrials.gov
     Unable to connect to clinicaltrials.gov
     Unable to connect to clinicaltrials.gov
     Unable to connect to clinicaltrials.gov
     Unable to connect to clinicaltrials.gov
     Unable to connect to clinicaltrials.gov
     Unable to connect to clinicaltrials.gov
     Unable to connect to clinicaltrials.gov
     Unable to connect to clinicaltrials.gov
     Unable to connect to clinicaltrials.gov
     Unable to connect to clinicaltrials.gov
     Unable to connect to clinicaltrials.gov
     Unable to connect to clinicaltrials.gov
     Unable to connect to clinicaltrials.gov
     Unable to connect to clinicaltrials.gov
     [ FAIL 1 | WARN 0 | SKIP 0 | PASS 20 ]
    
     == Failed tests ================================================================
     -- Error ('test-clinicaltrials_gov_version_results_posted.R:10'): ClinicalTrials.gov results posted downloads correctly --
     Error in `version_false$results_posted`: $ operator is invalid for atomic vectors
     Backtrace:
     x
     1. \-testthat::expect_equal(...) at test-clinicaltrials_gov_version_results_posted.R:10:8
     2. \-testthat::quasi_label(enquo(object), label, arg = "object")
     3. \-rlang::eval_bare(expr, quo_get_env(quo))
    
     [ FAIL 1 | WARN 0 | SKIP 0 | PASS 20 ]
     Error: Test failures
     Execution halted
Flavor: r-oldrel-windows-ix86+x86_64