CRAN Package Check Results for Package ctrialsgov

Last updated on 2022-01-26 22:54:46 CET.

Flavor Version Tinstall Tcheck Ttotal Status Flags
r-devel-linux-x86_64-debian-clang 0.2.5 14.87 118.42 133.29 OK
r-devel-linux-x86_64-debian-gcc 0.2.5 11.17 91.75 102.92 OK
r-devel-linux-x86_64-fedora-clang 0.2.5 158.18 NOTE
r-devel-linux-x86_64-fedora-gcc 0.2.5 149.29 NOTE
r-devel-windows-x86_64-new-UL 0.2.5 71.00 140.00 211.00 OK
r-devel-windows-x86_64-new-TK 0.2.5 NOTE
r-patched-linux-x86_64 0.2.5 12.44 112.75 125.19 OK
r-release-linux-x86_64 0.2.5 11.83 111.59 123.42 OK
r-release-macos-arm64 0.2.5 NOTE
r-release-macos-x86_64 0.2.5 NOTE
r-release-windows-ix86+x86_64 0.2.5 27.00 134.00 161.00 OK
r-oldrel-macos-x86_64 0.2.5 NOTE
r-oldrel-windows-ix86+x86_64 0.2.5 26.00 140.00 166.00 OK

Check Details

Version: 0.2.5
Check: data for non-ASCII characters
Result: NOTE
     Note: found 1350 marked UTF-8 strings
Flavors: r-devel-linux-x86_64-fedora-clang, r-devel-linux-x86_64-fedora-gcc, r-devel-windows-x86_64-new-TK, r-release-macos-arm64, r-release-macos-x86_64, r-oldrel-macos-x86_64