CRAN Package Check Results for Package cubature

Last updated on 2021-12-05 22:48:49 CET.

Flavor Version Tinstall Tcheck Ttotal Status Flags
r-devel-linux-x86_64-debian-clang 2.0.4.2 69.90 227.61 297.51 NOTE
r-devel-linux-x86_64-debian-gcc 2.0.4.2 50.63 152.63 203.26 NOTE
r-devel-linux-x86_64-fedora-clang 2.0.4.2 378.51 NOTE
r-devel-linux-x86_64-fedora-gcc 2.0.4.2 357.40 NOTE
r-devel-windows-x86_64-new-UL 2.0.4.2 62.00 267.00 329.00 NOTE
r-devel-windows-x86_64-new-TK 2.0.4.2 NOTE
r-devel-windows-x86_64-old 2.0.4.2 52.00 209.00 261.00 NOTE
r-patched-linux-x86_64 2.0.4.2 63.39 214.17 277.56 NOTE
r-release-linux-x86_64 2.0.4.2 62.50 220.82 283.32 NOTE
r-release-macos-arm64 2.0.4.2 NOTE
r-release-macos-x86_64 2.0.4.2 WARN
r-release-windows-ix86+x86_64 2.0.4.2 101.00 315.00 416.00 NOTE
r-oldrel-macos-x86_64 2.0.4.2 NOTE
r-oldrel-windows-ix86+x86_64 2.0.4.2 95.00 315.00 410.00 NOTE

Check Details

Version: 2.0.4.2
Check: for GNU extensions in Makefiles
Result: NOTE
    GNU make is a SystemRequirements.
Flavors: r-devel-linux-x86_64-debian-clang, r-devel-linux-x86_64-debian-gcc, r-devel-linux-x86_64-fedora-clang, r-devel-linux-x86_64-fedora-gcc, r-devel-windows-x86_64-new-UL, r-devel-windows-x86_64-new-TK, r-devel-windows-x86_64-old, r-patched-linux-x86_64, r-release-linux-x86_64, r-release-macos-arm64, r-release-macos-x86_64, r-release-windows-ix86+x86_64, r-oldrel-macos-x86_64, r-oldrel-windows-ix86+x86_64

Version: 2.0.4.2
Check: re-building of vignette outputs
Result: WARN
    Error(s) in re-building vignettes:
     ...
    --- re-building ‘cubature.Rmd’ using rmarkdown
    Warning in engine$weave(file, quiet = quiet, encoding = enc) :
     Pandoc (>= 1.12.3) not available. Falling back to R Markdown v1.
    Error: processing vignette 'cubature.Rmd' failed with diagnostics:
    there is no package called 'stringi'
    --- failed re-building ‘cubature.Rmd’
    
    --- re-building ‘version2.Rmd’ using rmarkdown
    Warning in engine$weave(file, quiet = quiet, encoding = enc) :
     Pandoc (>= 1.12.3) not available. Falling back to R Markdown v1.
    Error: processing vignette 'version2.Rmd' failed with diagnostics:
    there is no package called 'stringi'
    --- failed re-building ‘version2.Rmd’
    
    SUMMARY: processing the following files failed:
     ‘cubature.Rmd’ ‘version2.Rmd’
    
    Error: Vignette re-building failed.
    Execution halted
Flavor: r-release-macos-x86_64

Version: 2.0.4.2
Check: installed package size
Result: NOTE
     installed size is 6.9Mb
     sub-directories of 1Mb or more:
     doc 1.3Mb
     libs 5.5Mb
Flavors: r-release-windows-ix86+x86_64, r-oldrel-windows-ix86+x86_64