CRAN Package Check Results for Package cutoff

Last updated on 2021-12-06 21:51:11 CET.

Flavor Version Tinstall Tcheck Ttotal Status Flags
r-devel-linux-x86_64-debian-clang 1.3 2.82 38.60 41.42 NOTE
r-devel-linux-x86_64-debian-gcc 1.3 2.11 30.00 32.11 NOTE
r-devel-linux-x86_64-fedora-clang 1.3 50.97 NOTE
r-devel-linux-x86_64-fedora-gcc 1.3 39.61 NOTE
r-devel-windows-x86_64-new-UL 1.3 9.00 64.00 73.00 NOTE
r-devel-windows-x86_64-new-TK 1.3 NOTE
r-devel-windows-x86_64-old 1.3 6.00 35.00 41.00 NOTE
r-patched-linux-x86_64 1.3 2.82 28.96 31.78 NOTE
r-release-linux-x86_64 1.3 1.94 36.89 38.83 NOTE
r-release-macos-arm64 1.3 NOTE
r-release-macos-x86_64 1.3 NOTE
r-release-windows-ix86+x86_64 1.3 6.00 51.00 57.00 NOTE
r-oldrel-macos-x86_64 1.3 OK
r-oldrel-windows-ix86+x86_64 1.3 6.00 48.00 54.00 OK

Check Details

Version: 1.3
Check: LazyData
Result: NOTE
     'LazyData' is specified without a 'data' directory
Flavors: r-devel-linux-x86_64-debian-clang, r-devel-linux-x86_64-debian-gcc, r-devel-linux-x86_64-fedora-clang, r-devel-linux-x86_64-fedora-gcc, r-devel-windows-x86_64-new-UL, r-devel-windows-x86_64-new-TK, r-devel-windows-x86_64-old, r-patched-linux-x86_64, r-release-linux-x86_64, r-release-macos-arm64, r-release-macos-x86_64, r-release-windows-ix86+x86_64