CRAN Package Check Results for Package cytofan

Last updated on 2022-01-28 23:00:31 CET.

Flavor Version Tinstall Tcheck Ttotal Status Flags
r-devel-linux-x86_64-debian-clang 0.1.0 4.54 84.10 88.64 NOTE
r-devel-linux-x86_64-debian-gcc 0.1.0 4.07 62.24 66.31 NOTE
r-devel-linux-x86_64-fedora-clang 0.1.0 99.69 NOTE
r-devel-linux-x86_64-fedora-gcc 0.1.0 86.00 NOTE
r-devel-windows-x86_64-new-UL 0.1.0 20.00 102.00 122.00 NOTE
r-devel-windows-x86_64-new-TK 0.1.0 NOTE
r-patched-linux-x86_64 0.1.0 7.25 71.09 78.34 NOTE
r-release-linux-x86_64 0.1.0 2.60 71.84 74.44 NOTE
r-release-macos-arm64 0.1.0 NOTE
r-release-macos-x86_64 0.1.0 NOTE
r-release-windows-ix86+x86_64 0.1.0 12.00 87.00 99.00 NOTE
r-oldrel-macos-x86_64 0.1.0 OK
r-oldrel-windows-ix86+x86_64 0.1.0 12.00 85.00 97.00 OK

Check Details

Version: 0.1.0
Check: LazyData
Result: NOTE
     'LazyData' is specified without a 'data' directory
Flavors: r-devel-linux-x86_64-debian-clang, r-devel-linux-x86_64-debian-gcc, r-devel-linux-x86_64-fedora-clang, r-devel-linux-x86_64-fedora-gcc, r-devel-windows-x86_64-new-UL, r-devel-windows-x86_64-new-TK, r-patched-linux-x86_64, r-release-linux-x86_64, r-release-macos-arm64, r-release-macos-x86_64, r-release-windows-ix86+x86_64