CRAN Package Check Results for Package dad

Last updated on 2021-12-04 22:59:31 CET.

Flavor Version Tinstall Tcheck Ttotal Status Flags
r-devel-linux-x86_64-debian-clang 4.0.0 19.56 205.37 224.93 OK
r-devel-linux-x86_64-debian-gcc 4.0.0 19.20 150.58 169.78 OK
r-devel-linux-x86_64-fedora-clang 4.0.0 270.58 NOTE
r-devel-linux-x86_64-fedora-gcc 4.0.0 254.07 NOTE
r-devel-windows-x86_64-new-UL 4.0.0 53.00 287.00 340.00 OK
r-devel-windows-x86_64-new-TK 4.0.0 NOTE
r-devel-windows-x86_64-old 4.0.0 33.00 192.00 225.00 OK
r-patched-linux-x86_64 4.0.0 25.08 189.94 215.02 OK
r-release-linux-x86_64 4.0.0 21.11 186.97 208.08 OK
r-release-macos-arm64 4.0.0 NOTE
r-release-macos-x86_64 4.0.0 NOTE
r-release-windows-ix86+x86_64 4.0.0 42.00 254.00 296.00 OK
r-oldrel-macos-x86_64 4.0.0 NOTE
r-oldrel-windows-ix86+x86_64 4.0.0 42.00 250.00 292.00 OK

Check Details

Version: 4.0.0
Check: data for non-ASCII characters
Result: NOTE
     Note: found 4 marked Latin-1 strings
     Note: found 21 marked UTF-8 strings
Flavors: r-devel-linux-x86_64-fedora-clang, r-devel-linux-x86_64-fedora-gcc, r-devel-windows-x86_64-new-TK, r-release-macos-arm64, r-release-macos-x86_64, r-oldrel-macos-x86_64