CRAN Package Check Results for Package dams

Last updated on 2022-01-28 23:00:32 CET.

Flavor Version Tinstall Tcheck Ttotal Status Flags
r-devel-linux-x86_64-debian-clang 0.3.0 10.72 87.74 98.46 OK
r-devel-linux-x86_64-debian-gcc 0.3.0 8.61 66.02 74.63 OK
r-devel-linux-x86_64-fedora-clang 0.3.0 108.78 NOTE
r-devel-linux-x86_64-fedora-gcc 0.3.0 99.03 NOTE
r-devel-windows-x86_64-new-UL 0.3.0 24.00 106.00 130.00 OK
r-devel-windows-x86_64-new-TK 0.3.0 NOTE
r-patched-linux-x86_64 0.3.0 8.72 74.71 83.43 OK
r-release-linux-x86_64 0.3.0 8.13 74.43 82.56 OK
r-release-macos-arm64 0.3.0 NOTE
r-release-macos-x86_64 0.3.0 NOTE
r-release-windows-ix86+x86_64 0.3.0 20.00 91.00 111.00 OK
r-oldrel-macos-x86_64 0.3.0 NOTE
r-oldrel-windows-ix86+x86_64 0.3.0 21.00 92.00 113.00 OK

Check Details

Version: 0.3.0
Check: data for non-ASCII characters
Result: NOTE
     Note: found 5 marked UTF-8 strings
Flavors: r-devel-linux-x86_64-fedora-clang, r-devel-linux-x86_64-fedora-gcc, r-devel-windows-x86_64-new-TK, r-release-macos-arm64, r-release-macos-x86_64, r-oldrel-macos-x86_64