CRAN Package Check Results for Package dartR

Last updated on 2022-05-22 22:51:36 CEST.

Flavor Version Tinstall Tcheck Ttotal Status Flags
r-devel-linux-x86_64-debian-clang 2.0.3 78.80 893.40 972.20 OK
r-devel-linux-x86_64-debian-gcc 2.0.3 60.51 644.78 705.29 OK
r-devel-linux-x86_64-fedora-clang 2.0.3 1175.62 NOTE
r-devel-linux-x86_64-fedora-gcc 2.0.3 1117.72 OK
r-devel-windows-x86_64 2.0.3 149.00 1190.00 1339.00 OK
r-patched-linux-x86_64 2.0.3 67.24 850.78 918.02 OK
r-release-linux-x86_64 2.0.3 60.34 853.72 914.06 OK
r-release-macos-arm64 2.0.3 244.00 NOTE
r-release-macos-x86_64 2.0.3 440.00 NOTE
r-release-windows-x86_64 2.0.3 135.00 983.00 1118.00 OK
r-oldrel-macos-arm64 2.0.3 247.00 NOTE
r-oldrel-macos-x86_64 2.0.3 321.00 OK
r-oldrel-windows-ix86+x86_64 2.0.3 156.00 975.00 1131.00 OK

Check Details

Version: 2.0.3
Check: installed package size
Result: NOTE
     installed size is 5.0Mb
     sub-directories of 1Mb or more:
     R 1.1Mb
     data 1.5Mb
Flavors: r-devel-linux-x86_64-fedora-clang, r-release-macos-arm64, r-oldrel-macos-arm64

Version: 2.0.3
Check: package dependencies
Result: NOTE
    Package suggested but not available for checking: ‘SIBER’
Flavor: r-release-macos-x86_64