CRAN Package Check Results for Package dashboard

Last updated on 2021-12-04 22:59:31 CET.

Flavor Version Tinstall Tcheck Ttotal Status Flags
r-devel-linux-x86_64-debian-clang 0.1.0 2.38 29.75 32.13 NOTE
r-devel-linux-x86_64-debian-gcc 0.1.0 1.88 23.76 25.64 NOTE
r-devel-linux-x86_64-fedora-clang 0.1.0 40.04 NOTE
r-devel-linux-x86_64-fedora-gcc 0.1.0 29.48 NOTE
r-devel-windows-x86_64-new-UL 0.1.0 9.00 57.00 66.00 NOTE
r-devel-windows-x86_64-new-TK 0.1.0 NOTE
r-devel-windows-x86_64-old 0.1.0 4.00 31.00 35.00 NOTE
r-patched-linux-x86_64 0.1.0 1.94 21.42 23.36 NOTE
r-release-linux-x86_64 0.1.0 2.24 21.19 23.43 NOTE
r-release-macos-arm64 0.1.0 NOTE
r-release-macos-x86_64 0.1.0 NOTE
r-release-windows-ix86+x86_64 0.1.0 5.00 28.00 33.00 NOTE
r-oldrel-macos-x86_64 0.1.0 NOTE
r-oldrel-windows-ix86+x86_64 0.1.0 4.00 30.00 34.00 NOTE

Check Details

Version: 0.1.0
Check: R code for possible problems
Result: NOTE
    dashboard_open: no visible global function definition for 'write.csv'
    dashboard_open: no visible global function definition for
     'capture.output'
    dctable: no visible global function definition for 'capture.output'
    Undefined global functions or variables:
     capture.output write.csv
    Consider adding
     importFrom("utils", "capture.output", "write.csv")
    to your NAMESPACE file.
Flavors: r-devel-linux-x86_64-debian-clang, r-devel-linux-x86_64-debian-gcc, r-devel-linux-x86_64-fedora-clang, r-devel-linux-x86_64-fedora-gcc, r-devel-windows-x86_64-new-UL, r-devel-windows-x86_64-new-TK, r-devel-windows-x86_64-old, r-patched-linux-x86_64, r-release-linux-x86_64, r-release-macos-arm64, r-release-macos-x86_64, r-release-windows-ix86+x86_64, r-oldrel-macos-x86_64, r-oldrel-windows-ix86+x86_64