CRAN Package Check Results for Package datastructures

Last updated on 2021-12-07 22:59:27 CET.

Flavor Version Tinstall Tcheck Ttotal Status Flags
r-devel-linux-x86_64-debian-clang 0.2.9 155.59 151.85 307.44 OK
r-devel-linux-x86_64-debian-gcc 0.2.9 151.64 114.61 266.25 OK
r-devel-linux-x86_64-fedora-clang 0.2.9 462.71 NOTE
r-devel-linux-x86_64-fedora-gcc 0.2.9 460.83 NOTE
r-devel-windows-x86_64-new-UL 0.2.9 213.00 239.00 452.00 OK
r-devel-windows-x86_64-new-TK 0.2.9 OK
r-devel-windows-x86_64-old 0.2.9 207.00 204.00 411.00 OK
r-patched-linux-x86_64 0.2.9 171.00 149.55 320.55 OK
r-release-linux-x86_64 0.2.9 171.35 150.35 321.70 OK
r-release-macos-arm64 0.2.9 NOTE
r-release-macos-x86_64 0.2.9 NOTE
r-release-windows-ix86+x86_64 0.2.9 293.00 269.00 562.00 NOTE
r-oldrel-macos-x86_64 0.2.9 NOTE
r-oldrel-windows-ix86+x86_64 0.2.9 408.00 277.00 685.00 NOTE

Check Details

Version: 0.2.9
Check: installed package size
Result: NOTE
     installed size is 42.5Mb
     sub-directories of 1Mb or more:
     libs 41.6Mb
Flavors: r-devel-linux-x86_64-fedora-clang, r-release-macos-arm64, r-release-macos-x86_64, r-release-windows-ix86+x86_64, r-oldrel-macos-x86_64, r-oldrel-windows-ix86+x86_64

Version: 0.2.9
Check: top-level files
Result: NOTE
    ‘cleanup’: ‘env bash’ is not portable as bash need not be installed
Flavors: r-devel-linux-x86_64-fedora-clang, r-devel-linux-x86_64-fedora-gcc