CRAN Package Check Results for Package datawizard

Last updated on 2022-01-23 22:49:37 CET.

Flavor Version Tinstall Tcheck Ttotal Status Flags
r-devel-linux-x86_64-debian-clang 0.2.2 6.72 99.65 106.37 OK
r-devel-linux-x86_64-debian-gcc 0.2.2 4.31 82.02 86.33 OK
r-devel-linux-x86_64-fedora-clang 0.2.2 127.14 OK
r-devel-linux-x86_64-fedora-gcc 0.2.2 116.58 OK
r-devel-windows-x86_64-new-UL 0.2.2 124.00 144.00 268.00 OK
r-devel-windows-x86_64-new-TK 0.2.2 NOTE
r-patched-linux-x86_64 0.2.2 6.00 99.54 105.54 OK
r-release-linux-x86_64 0.2.2 4.57 99.36 103.93 OK
r-release-macos-arm64 0.2.2 OK
r-release-macos-x86_64 0.2.2 OK
r-release-windows-ix86+x86_64 0.2.2 11.00 130.00 141.00 OK
r-oldrel-macos-x86_64 0.2.1 OK
r-oldrel-windows-ix86+x86_64 0.2.2 12.00 133.00 145.00 OK

Check Details

Version: 0.2.2
Check: package dependencies
Result: NOTE
    Packages suggested but not available for checking:
     'gamm4', 'lme4', 'rstanarm'
Flavor: r-devel-windows-x86_64-new-TK