CRAN Package Check Results for Package datr

Last updated on 2021-12-06 21:51:11 CET.

Flavor Version Tinstall Tcheck Ttotal Status Flags
r-devel-linux-x86_64-debian-clang 0.1.0 1.76 30.73 32.49 NOTE
r-devel-linux-x86_64-debian-gcc 0.1.0 1.72 24.24 25.96 NOTE
r-devel-linux-x86_64-fedora-clang 0.1.0 41.44 NOTE
r-devel-linux-x86_64-fedora-gcc 0.1.0 30.76 NOTE
r-devel-windows-x86_64-new-UL 0.1.0 8.00 55.00 63.00 NOTE
r-devel-windows-x86_64-new-TK 0.1.0 NOTE
r-devel-windows-x86_64-old 0.1.0 6.00 31.00 37.00 NOTE
r-patched-linux-x86_64 0.1.0 2.28 21.74 24.02 NOTE
r-release-linux-x86_64 0.1.0 1.53 29.57 31.10 NOTE
r-release-macos-arm64 0.1.0 NOTE
r-release-macos-x86_64 0.1.0 NOTE
r-release-windows-ix86+x86_64 0.1.0 6.00 39.00 45.00 NOTE
r-oldrel-macos-x86_64 0.1.0 OK
r-oldrel-windows-ix86+x86_64 0.1.0 6.00 38.00 44.00 OK

Check Details

Version: 0.1.0
Check: LazyData
Result: NOTE
     'LazyData' is specified without a 'data' directory
Flavors: r-devel-linux-x86_64-debian-clang, r-devel-linux-x86_64-debian-gcc, r-devel-linux-x86_64-fedora-clang, r-devel-linux-x86_64-fedora-gcc, r-devel-windows-x86_64-new-UL, r-devel-windows-x86_64-new-TK, r-devel-windows-x86_64-old, r-patched-linux-x86_64, r-release-linux-x86_64, r-release-macos-arm64, r-release-macos-x86_64, r-release-windows-ix86+x86_64