CRAN Package Check Results for Package dbparser

Last updated on 2022-01-21 23:01:47 CET.

Flavor Version Tinstall Tcheck Ttotal Status Flags
r-devel-linux-x86_64-debian-clang 1.2.0 20.41 111.28 131.69 NOTE
r-devel-linux-x86_64-debian-gcc 1.2.0 17.57 83.35 100.92 NOTE
r-devel-linux-x86_64-fedora-clang 1.2.0 166.54 NOTE
r-devel-linux-x86_64-fedora-gcc 1.2.0 150.26 NOTE
r-devel-windows-x86_64-new-UL 1.2.0 151.00 144.00 295.00 NOTE
r-devel-windows-x86_64-new-TK 1.2.0 NOTE
r-patched-linux-x86_64 1.2.0 22.59 103.67 126.26 NOTE
r-release-linux-x86_64 1.2.0 20.50 105.79 126.29 NOTE
r-release-macos-arm64 1.2.0 NOTE
r-release-macos-x86_64 1.2.0 NOTE
r-release-windows-ix86+x86_64 1.2.0 39.00 131.00 170.00 NOTE
r-oldrel-macos-x86_64 1.2.0 OK
r-oldrel-windows-ix86+x86_64 1.2.0 40.00 132.00 172.00 OK

Check Details

Version: 1.2.0
Check: LazyData
Result: NOTE
     'LazyData' is specified without a 'data' directory
Flavors: r-devel-linux-x86_64-debian-clang, r-devel-linux-x86_64-debian-gcc, r-devel-linux-x86_64-fedora-clang, r-devel-linux-x86_64-fedora-gcc, r-devel-windows-x86_64-new-UL, r-devel-windows-x86_64-new-TK, r-patched-linux-x86_64, r-release-linux-x86_64, r-release-macos-arm64, r-release-macos-x86_64, r-release-windows-ix86+x86_64