CRAN Package Check Results for Package dcmle

Last updated on 2022-01-23 22:49:37 CET.

Flavor Version Tinstall Tcheck Ttotal Status Flags
r-devel-linux-x86_64-debian-clang 0.3-1 17.12 160.02 177.14 NOTE
r-devel-linux-x86_64-debian-gcc 0.3-1 16.81 128.81 145.62 NOTE
r-devel-linux-x86_64-fedora-clang 0.3-1 220.85 NOTE
r-devel-linux-x86_64-fedora-gcc 0.3-1 204.46 NOTE
r-devel-windows-x86_64-new-UL 0.3-1 66.00 181.00 247.00 NOTE
r-devel-windows-x86_64-new-TK 0.3-1 NOTE
r-patched-linux-x86_64 0.3-1 29.85 152.08 181.93 NOTE
r-release-linux-x86_64 0.3-1 15.41 152.51 167.92 NOTE
r-release-macos-arm64 0.3-1 NOTE
r-release-macos-x86_64 0.3-1 NOTE
r-release-windows-ix86+x86_64 0.3-1 44.00 178.00 222.00 NOTE
r-oldrel-macos-x86_64 0.3-1 OK
r-oldrel-windows-ix86+x86_64 0.3-1 46.00 187.00 233.00 OK

Check Details

Version: 0.3-1
Check: LazyData
Result: NOTE
     'LazyData' is specified without a 'data' directory
Flavors: r-devel-linux-x86_64-debian-clang, r-devel-linux-x86_64-debian-gcc, r-devel-linux-x86_64-fedora-clang, r-devel-linux-x86_64-fedora-gcc, r-devel-windows-x86_64-new-UL, r-devel-windows-x86_64-new-TK, r-patched-linux-x86_64, r-release-linux-x86_64, r-release-macos-arm64, r-release-macos-x86_64, r-release-windows-ix86+x86_64