CRAN Package Check Results for Package decoder

Last updated on 2021-12-08 22:57:34 CET.

Flavor Version Tinstall Tcheck Ttotal Status Flags
r-devel-linux-x86_64-debian-clang 1.2.2 5.20 44.97 50.17 OK
r-devel-linux-x86_64-debian-gcc 1.2.2 4.42 35.66 40.08 OK
r-devel-linux-x86_64-fedora-clang 1.2.2 62.89 NOTE
r-devel-linux-x86_64-fedora-gcc 1.2.2 52.37 NOTE
r-devel-windows-x86_64-new-UL 1.2.2 19.00 86.00 105.00 OK
r-devel-windows-x86_64-new-TK 1.2.2 NOTE
r-devel-windows-x86_64-old 1.2.2 10.00 63.00 73.00 OK
r-patched-linux-x86_64 1.2.2 6.85 43.31 50.16 OK
r-release-linux-x86_64 1.2.2 5.24 42.99 48.23 OK
r-release-macos-arm64 1.2.2 NOTE
r-release-macos-x86_64 1.2.2 NOTE
r-release-windows-ix86+x86_64 1.2.2 11.00 58.00 69.00 OK
r-oldrel-macos-x86_64 1.2.2 NOTE
r-oldrel-windows-ix86+x86_64 1.2.2 11.00 58.00 69.00 OK

Check Details

Version: 1.2.2
Check: data for non-ASCII characters
Result: NOTE
     Note: found 1 marked Latin-1 string
     Note: found 46826 marked UTF-8 strings
Flavors: r-devel-linux-x86_64-fedora-clang, r-devel-linux-x86_64-fedora-gcc, r-devel-windows-x86_64-new-TK, r-release-macos-arm64, r-release-macos-x86_64, r-oldrel-macos-x86_64