Last updated on 2023-03-21 22:56:04 CET.
Flavor | Version | Tinstall | Tcheck | Ttotal | Status | Flags |
---|---|---|---|---|---|---|
r-devel-linux-x86_64-debian-clang | 1.8.0 | 2.10 | 51.37 | 53.47 | OK | |
r-devel-linux-x86_64-debian-gcc | 1.8.0 | 2.61 | 38.97 | 41.58 | OK | |
r-devel-linux-x86_64-fedora-clang | 1.8.0 | 70.52 | OK | |||
r-devel-linux-x86_64-fedora-gcc | 1.8.0 | 64.16 | OK | |||
r-devel-windows-x86_64 | 1.8.0 | 26.00 | 83.00 | 109.00 | OK | |
r-patched-linux-x86_64 | 1.8.0 | 3.64 | 52.46 | 56.10 | OK | |
r-release-linux-x86_64 | 1.8.0 | 2.51 | 50.48 | 52.99 | OK | |
r-release-macos-arm64 | 1.8.0 | 6.00 | ERROR | |||
r-release-macos-x86_64 | 1.8.0 | 7.00 | ERROR | |||
r-release-windows-x86_64 | 1.8.0 | 31.00 | 80.00 | 111.00 | OK | |
r-oldrel-macos-arm64 | 1.8.0 | 32.00 | OK | |||
r-oldrel-macos-x86_64 | 1.8.0 | 33.00 | OK | |||
r-oldrel-windows-ix86+x86_64 | 1.8.0 | 7.00 | 76.00 | 83.00 | NOTE |
Version: 1.8.0
Check: package dependencies
Result: ERROR
Package required but not available: ‘BSgenome.Hsapiens.UCSC.hg19’
See section ‘The DESCRIPTION file’ in the ‘Writing R Extensions’
manual.
Flavors: r-release-macos-arm64, r-release-macos-x86_64
Version: 1.8.0
Check: dependencies in R code
Result: NOTE
Initiating curl with CURL_SSL_BACKEND: openssl
Flavor: r-oldrel-windows-ix86+x86_64