Last updated on 2022-05-18 21:53:13 CEST.
Flavor | Version | Tinstall | Tcheck | Ttotal | Status | Flags |
---|---|---|---|---|---|---|
r-devel-linux-x86_64-debian-clang | 1.8.0 | 2.67 | 59.66 | 62.33 | OK | |
r-devel-linux-x86_64-debian-gcc | 1.8.0 | 2.54 | 45.33 | 47.87 | OK | |
r-devel-linux-x86_64-fedora-clang | 1.8.0 | 79.50 | OK | |||
r-devel-linux-x86_64-fedora-gcc | 1.8.0 | 76.20 | OK | |||
r-devel-windows-x86_64 | 1.8.0 | 53.00 | 75.00 | 128.00 | OK | |
r-patched-linux-x86_64 | 1.8.0 | 3.55 | 55.80 | 59.35 | OK | |
r-release-linux-x86_64 | 1.8.0 | 2.92 | 57.72 | 60.64 | OK | |
r-release-macos-arm64 | 1.8.0 | 7.00 | ERROR | |||
r-release-macos-x86_64 | 1.8.0 | 6.00 | ERROR | |||
r-release-windows-x86_64 | 1.8.0 | 51.00 | 75.00 | 126.00 | OK | |
r-oldrel-macos-arm64 | 1.8.0 | 32.00 | OK | |||
r-oldrel-macos-x86_64 | 1.8.0 | 33.00 | OK | |||
r-oldrel-windows-ix86+x86_64 | 1.8.0 | 6.00 | 67.00 | 73.00 | OK |
Version: 1.8.0
Check: package dependencies
Result: ERROR
Package required but not available: ‘BSgenome.Hsapiens.UCSC.hg19’
See section ‘The DESCRIPTION file’ in the ‘Writing R Extensions’
manual.
Flavors: r-release-macos-arm64, r-release-macos-x86_64