CRAN Package Check Results for Package decorators

Last updated on 2022-07-04 22:59:10 CEST.

Flavor Version Tinstall Tcheck Ttotal Status Flags
r-devel-linux-x86_64-debian-clang 0.1.0 2.40 29.29 31.69 NOTE
r-devel-linux-x86_64-debian-gcc 0.1.0 1.94 22.53 24.47 NOTE
r-devel-linux-x86_64-fedora-clang 0.1.0 48.20 NOTE
r-devel-linux-x86_64-fedora-gcc 0.1.0 47.86 NOTE
r-devel-windows-x86_64 0.1.0 14.00 55.00 69.00 NOTE
r-patched-linux-x86_64 0.1.0 2.50 28.20 30.70 NOTE
r-release-linux-x86_64 0.1.0 2.60 27.88 30.48 NOTE
r-release-macos-arm64 0.1.0 17.00 NOTE
r-release-macos-x86_64 0.1.0 23.00 NOTE
r-release-windows-x86_64 0.1.0 12.00 54.00 66.00 NOTE
r-oldrel-macos-arm64 0.1.0 19.00 NOTE
r-oldrel-macos-x86_64 0.1.0 30.00 NOTE
r-oldrel-windows-ix86+x86_64 0.1.0 7.00 46.00 53.00 NOTE

Check Details

Version: 0.1.0
Check: LazyData
Result: NOTE
     'LazyData' is specified without a 'data' directory
Flavors: r-devel-linux-x86_64-debian-clang, r-devel-linux-x86_64-debian-gcc, r-devel-linux-x86_64-fedora-clang, r-devel-linux-x86_64-fedora-gcc, r-devel-windows-x86_64, r-patched-linux-x86_64, r-release-linux-x86_64, r-release-macos-arm64, r-release-macos-x86_64, r-release-windows-x86_64, r-oldrel-macos-arm64, r-oldrel-macos-x86_64, r-oldrel-windows-ix86+x86_64