CRAN Package Check Results for Package define

Last updated on 2022-01-27 23:00:58 CET.

Flavor Version Tinstall Tcheck Ttotal Status Flags
r-devel-linux-x86_64-debian-clang 0.2.9 11.81 105.15 116.96 NOTE
r-devel-linux-x86_64-debian-gcc 0.2.9 9.02 78.86 87.88 NOTE
r-devel-linux-x86_64-fedora-clang 0.2.9 132.81 NOTE
r-devel-linux-x86_64-fedora-gcc 0.2.9 125.94 NOTE
r-devel-windows-x86_64-new-UL 0.2.9 27.00 121.00 148.00 NOTE
r-devel-windows-x86_64-new-TK 0.2.9 NOTE
r-patched-linux-x86_64 0.2.9 10.80 93.30 104.10 NOTE
r-release-linux-x86_64 0.2.9 6.72 94.47 101.19 NOTE
r-release-macos-arm64 0.2.9 NOTE
r-release-macos-x86_64 0.2.9 NOTE
r-release-windows-ix86+x86_64 0.2.9 26.00 114.00 140.00 NOTE
r-oldrel-macos-x86_64 0.2.9 OK
r-oldrel-windows-ix86+x86_64 0.2.9 26.00 118.00 144.00 OK

Check Details

Version: 0.2.9
Check: LazyData
Result: NOTE
     'LazyData' is specified without a 'data' directory
Flavors: r-devel-linux-x86_64-debian-clang, r-devel-linux-x86_64-debian-gcc, r-devel-linux-x86_64-fedora-clang, r-devel-linux-x86_64-fedora-gcc, r-devel-windows-x86_64-new-UL, r-devel-windows-x86_64-new-TK, r-patched-linux-x86_64, r-release-linux-x86_64, r-release-macos-arm64, r-release-macos-x86_64, r-release-windows-ix86+x86_64