CRAN Package Check Results for Package dendextend

Last updated on 2022-05-23 22:58:12 CEST.

Flavor Version Tinstall Tcheck Ttotal Status Flags
r-devel-linux-x86_64-debian-clang 1.15.2 15.15 304.61 319.76 OK
r-devel-linux-x86_64-debian-gcc 1.15.2 11.64 248.27 259.91 OK
r-devel-linux-x86_64-fedora-clang 1.15.2 395.44 NOTE
r-devel-linux-x86_64-fedora-gcc 1.15.2 388.48 OK
r-devel-windows-x86_64 1.15.2 190.00 721.00 911.00 NOTE
r-patched-linux-x86_64 1.15.2 16.51 310.55 327.06 OK
r-release-linux-x86_64 1.15.2 OK
r-release-macos-arm64 1.15.2 185.00 NOTE
r-release-macos-x86_64 1.15.2 372.00 NOTE
r-release-windows-x86_64 1.15.2 169.00 500.00 669.00 NOTE
r-oldrel-macos-arm64 1.15.2 116.00 NOTE
r-oldrel-macos-x86_64 1.15.2 162.00 NOTE
r-oldrel-windows-ix86+x86_64 1.15.2 28.00 330.00 358.00 NOTE

Check Details

Version: 1.15.2
Check: installed package size
Result: NOTE
     installed size is 5.4Mb
     sub-directories of 1Mb or more:
     doc 4.2Mb
Flavors: r-devel-linux-x86_64-fedora-clang, r-devel-windows-x86_64, r-release-macos-arm64, r-release-macos-x86_64, r-release-windows-x86_64, r-oldrel-macos-arm64, r-oldrel-macos-x86_64, r-oldrel-windows-ix86+x86_64

Version: 1.15.2
Check: Rd cross-references
Result: NOTE
    Undeclared packages ‘WGCNA’, ‘moduleColor’, ‘distory’, ‘phangorn’, ‘zoo’ in Rd xrefs
Flavor: r-devel-linux-x86_64-fedora-clang

Version: 1.15.2
Check: Rd cross-references
Result: NOTE
    Packages unavailable to check Rd xrefs: ‘WGCNA’, ‘moduleColor’
Flavor: r-release-macos-arm64

Version: 1.15.2
Check: Rd cross-references
Result: NOTE
    Package unavailable to check Rd xrefs: ‘WGCNA’
Flavors: r-release-macos-x86_64, r-oldrel-macos-x86_64