CRAN Package Check Results for Package densitr

Last updated on 2021-12-07 22:59:28 CET.

Flavor Version Tinstall Tcheck Ttotal Status Flags
r-devel-linux-x86_64-debian-clang 0.1.0 3.35 238.37 241.72 NOTE
r-devel-linux-x86_64-debian-gcc 0.1.0 2.61 195.43 198.04 NOTE
r-devel-linux-x86_64-fedora-clang 0.1.0 297.70 NOTE
r-devel-linux-x86_64-fedora-gcc 0.1.0 285.05 NOTE
r-devel-windows-x86_64-new-UL 0.1.0 13.00 297.00 310.00 NOTE
r-devel-windows-x86_64-new-TK 0.1.0 NOTE
r-devel-windows-x86_64-old 0.1.0 6.00 294.00 300.00 NOTE
r-patched-linux-x86_64 0.1.0 3.49 240.16 243.65 NOTE
r-release-linux-x86_64 0.1.0 3.00 244.41 247.41 NOTE
r-release-macos-arm64 0.1.0 NOTE
r-release-macos-x86_64 0.1.0 NOTE
r-release-windows-ix86+x86_64 0.1.0 5.00 291.00 296.00 NOTE
r-oldrel-macos-x86_64 0.1.0 OK
r-oldrel-windows-ix86+x86_64 0.1.0 7.00 286.00 293.00 OK

Check Details

Version: 0.1.0
Check: LazyData
Result: NOTE
     'LazyData' is specified without a 'data' directory
Flavors: r-devel-linux-x86_64-debian-clang, r-devel-linux-x86_64-debian-gcc, r-devel-linux-x86_64-fedora-clang, r-devel-linux-x86_64-fedora-gcc, r-devel-windows-x86_64-new-UL, r-devel-windows-x86_64-new-TK, r-devel-windows-x86_64-old, r-patched-linux-x86_64, r-release-linux-x86_64, r-release-macos-arm64, r-release-macos-x86_64, r-release-windows-ix86+x86_64