CRAN Package Check Results for Package depth

Last updated on 2022-05-18 21:53:13 CEST.

Flavor Version Tinstall Tcheck Ttotal Status Flags
r-devel-linux-x86_64-debian-clang 2.1-1.1 12.95 70.46 83.41 OK
r-devel-linux-x86_64-debian-gcc 2.1-1.1 10.88 53.81 64.69 OK
r-devel-linux-x86_64-fedora-clang 2.1-1.1 98.08 NOTE
r-devel-linux-x86_64-fedora-gcc 2.1-1.1 96.43 NOTE
r-devel-windows-x86_64 2.1-1.1 18.00 91.00 109.00 OK
r-patched-linux-x86_64 2.1-1.1 11.72 68.22 79.94 OK
r-release-linux-x86_64 2.1-1.1 11.19 66.90 78.09 OK
r-release-macos-arm64 2.1-1.1 35.00 OK
r-release-macos-x86_64 2.1-1.1 42.00 OK
r-release-windows-x86_64 2.1-1.1 23.00 95.00 118.00 OK
r-oldrel-macos-arm64 2.1-1.1 45.00 OK
r-oldrel-macos-x86_64 2.1-1.1 63.00 OK
r-oldrel-windows-ix86+x86_64 2.1-1.1 28.00 105.00 133.00 OK

Check Details

Version: 2.1-1.1
Check: compiled code
Result: NOTE
    File ‘depth/libs/depth.so’:
     Found no calls to: ‘R_registerRoutines’, ‘R_useDynamicSymbols’
    
    It is good practice to register native routines and to disable symbol
    search.
    
    See ‘Writing portable packages’ in the ‘Writing R Extensions’ manual.
Flavors: r-devel-linux-x86_64-fedora-clang, r-devel-linux-x86_64-fedora-gcc