CRAN Package Check Results for Package derivmkts

Last updated on 2022-01-24 22:56:24 CET.

Flavor Version Tinstall Tcheck Ttotal Status Flags
r-devel-linux-x86_64-debian-clang 0.2.4 5.52 65.96 71.48 NOTE
r-devel-linux-x86_64-debian-gcc 0.2.4 4.03 50.27 54.30 NOTE
r-devel-linux-x86_64-fedora-clang 0.2.4 87.98 NOTE
r-devel-linux-x86_64-fedora-gcc 0.2.4 75.95 NOTE
r-devel-windows-x86_64-new-UL 0.2.4 61.00 134.00 195.00 NOTE
r-devel-windows-x86_64-new-TK 0.2.4 NOTE
r-patched-linux-x86_64 0.2.4 3.82 62.63 66.45 NOTE
r-release-linux-x86_64 0.2.4 5.14 61.44 66.58 NOTE
r-release-macos-arm64 0.2.4 NOTE
r-release-macos-x86_64 0.2.4 NOTE
r-release-windows-ix86+x86_64 0.2.4 10.00 88.00 98.00 NOTE
r-oldrel-macos-x86_64 0.2.4 OK
r-oldrel-windows-ix86+x86_64 0.2.4 10.00 88.00 98.00 OK

Check Details

Version: 0.2.4
Check: LazyData
Result: NOTE
     'LazyData' is specified without a 'data' directory
Flavors: r-devel-linux-x86_64-debian-clang, r-devel-linux-x86_64-debian-gcc, r-devel-linux-x86_64-fedora-clang, r-devel-linux-x86_64-fedora-gcc, r-devel-windows-x86_64-new-UL, r-devel-windows-x86_64-new-TK, r-patched-linux-x86_64, r-release-linux-x86_64, r-release-macos-arm64, r-release-macos-x86_64, r-release-windows-ix86+x86_64