CRAN Package Check Results for Package desc

Last updated on 2022-01-26 22:54:47 CET.

Flavor Version Tinstall Tcheck Ttotal Status Flags
r-devel-linux-x86_64-debian-clang 1.4.0 5.41 53.65 59.06 ERROR
r-devel-linux-x86_64-debian-gcc 1.4.0 4.95 41.11 46.06 OK
r-devel-linux-x86_64-fedora-clang 1.4.0 71.38 OK
r-devel-linux-x86_64-fedora-gcc 1.4.0 60.83 OK
r-devel-windows-x86_64-new-UL 1.4.0 78.00 75.00 153.00 OK
r-devel-windows-x86_64-new-TK 1.4.0 OK
r-patched-linux-x86_64 1.4.0 6.16 52.08 58.24 OK
r-release-linux-x86_64 1.4.0 5.18 51.06 56.24 OK
r-release-macos-arm64 1.4.0 OK
r-release-macos-x86_64 1.4.0 OK
r-release-windows-ix86+x86_64 1.4.0 10.00 63.00 73.00 ERROR
r-oldrel-macos-x86_64 1.4.0 OK
r-oldrel-windows-ix86+x86_64 1.4.0 10.00 62.00 72.00 ERROR

Check Details

Version: 1.4.0
Check: tests
Result: ERROR
     Running 'testthat.R' [10s/12s]
    Running the tests in 'tests/testthat.R' failed.
    Complete output:
     > library(testthat)
     > library(desc)
     >
     > test_check("desc", reporter = "summary")
     archives: .....................................
     assertions: .......
     authors: .............Authorremoved: Hadley Wickham.
     Authorremoved: Peter Danenberg.
     .........................S
     built: ..
     checks: .................................................
     collate: ..............................
     create: ................................
     deps: ........................................
     desc: .
     encoding: .............
     idempotent: ...
     non-oo: .............Authorremoved: Peter Danenberg.
     ...................
     queries: ......................................
     read: ..........
     remotes: .........
     repair: ..........
     spelling: S
     str: ...S...
     to_latex: 1
     trailing-ws: .....
     urls: .........
     utils: ............................
     validation: .
     versions: .......Package version bumped from '1.2.3' to '2.0.0'
     .Package version bumped from '1.2.3' to '1.3.0'
     .Package version bumped from '1.2.3' to '1.2.4'
     .Package version bumped from '1.2.3' to '1.2.3.9000'
     .Package version bumped from '1.5' to '2.0'
     .Package version bumped from '1.5' to '1.6'
     .Package version bumped from '1.5' to '1.5.1'
     .Package version bumped from '1.5' to '1.5.0.9000'
     .Package version bumped from '1.2.3.9000' to '2.0.0'
     .Package version bumped from '1.2.3.9000' to '1.3.0'
     .Package version bumped from '1.2.3.9000' to '1.2.4'
     .Package version bumped from '1.2.3.9000' to '1.2.3.9001'
     .Package version bumped from '1.2.3' to '2.0.0'
     .Package version bumped from '1.2.3' to '1.3.0'
     .Package version bumped from '1.2.3' to '1.2.4'
     .Package version bumped from '1.2.3' to '1.2.3.9000'
     .Package version bumped from '1.5' to '2.0'
     .Package version bumped from '1.5' to '1.6'
     .Package version bumped from '1.5' to '1.5.1'
     .Package version bumped from '1.5' to '1.5.0.9000'
     .Package version bumped from '1.2.3.9000' to '2.0.0'
     .Package version bumped from '1.2.3.9000' to '1.3.0'
     .Package version bumped from '1.2.3.9000' to '1.2.4'
     .Package version bumped from '1.2.3.9000' to '1.2.3.9001'
     ..
     write: ....
    
     == Skipped =====================================================================
     1. deparse_authors_at_r (test-authors.R:467:3) - Reason: On CRAN
    
     2. spelling (test-spelling.R:21:3) - Reason: On CRAN
    
     3. str formats authors properly (test-str.R:31:3) - Reason: On CRAN
    
     == Failed ======================================================================
     -- 1. Failure (test-to_latex.R:19:3): Test expected LaTeX output ---------------
     `new1` (`actual`) not equal to `old1` (`expected`).
    
     actual[5:11] vs expected[5:11]
     " \\item[Version] 1.0.0"
     " \\item[Authors@R] ~\\\\"
     " \\begin{description}"
     - " \\item[cre] Kirill M<fc>ller <\\href{mailto:aaa@bbb.xx}{aaa@bbb.xx}>"
     + " \\item[cre] Kirill Müller <\\href{mailto:aaa@bbb.xx}{aaa@bbb.xx}>"
     " \\end{description}"
     " \\item[Maintainer] \\{\\{ Maintainer \\}\\}"
     " \\item[Description] Words not in the dictionary must be `quoted'. ``Double quotes'' can also be used, as well as \\textbackslash \\_\\{\\}[]\\^\\$\\#\\%. Must end with a full stop."
    
     == DONE ========================================================================
     Keep trying!
     Error: Test failures
     Execution halted
Flavor: r-devel-linux-x86_64-debian-clang

Version: 1.4.0
Check: tests
Result: ERROR
     Running 'testthat.R' [12s]
    Running the tests in 'tests/testthat.R' failed.
    Complete output:
     > library(testthat)
     > library(desc)
     >
     > test_check("desc", reporter = "summary")
     archives: .....................................
     assertions: .......
     authors: .............Authorremoved: Hadley Wickham.
     Authorremoved: Peter Danenberg.
     .........................S
     built: ..
     checks: .................................................
     collate: ..............................
     create: ................................
     deps: ........................................
     desc: .
     encoding: .............
     idempotent: ...
     non-oo: .............Authorremoved: Peter Danenberg.
     ...................
     queries: ......................................
     read: ..........
     remotes: .........
     repair: ..........
     spelling: S
     str: ...S...
     to_latex: 1
     trailing-ws: .....
     urls: .........
     utils: ............................
     validation: .
     versions: .......Package version bumped from '1.2.3' to '2.0.0'
     .Package version bumped from '1.2.3' to '1.3.0'
     .Package version bumped from '1.2.3' to '1.2.4'
     .Package version bumped from '1.2.3' to '1.2.3.9000'
     .Package version bumped from '1.5' to '2.0'
     .Package version bumped from '1.5' to '1.6'
     .Package version bumped from '1.5' to '1.5.1'
     .Package version bumped from '1.5' to '1.5.0.9000'
     .Package version bumped from '1.2.3.9000' to '2.0.0'
     .Package version bumped from '1.2.3.9000' to '1.3.0'
     .Package version bumped from '1.2.3.9000' to '1.2.4'
     .Package version bumped from '1.2.3.9000' to '1.2.3.9001'
     .Package version bumped from '1.2.3' to '2.0.0'
     .Package version bumped from '1.2.3' to '1.3.0'
     .Package version bumped from '1.2.3' to '1.2.4'
     .Package version bumped from '1.2.3' to '1.2.3.9000'
     .Package version bumped from '1.5' to '2.0'
     .Package version bumped from '1.5' to '1.6'
     .Package version bumped from '1.5' to '1.5.1'
     .Package version bumped from '1.5' to '1.5.0.9000'
     .Package version bumped from '1.2.3.9000' to '2.0.0'
     .Package version bumped from '1.2.3.9000' to '1.3.0'
     .Package version bumped from '1.2.3.9000' to '1.2.4'
     .Package version bumped from '1.2.3.9000' to '1.2.3.9001'
     ..
     write: ....
    
     == Skipped =====================================================================
     1. deparse_authors_at_r (test-authors.R:467:3) - Reason: On CRAN
    
     2. spelling (test-spelling.R:21:3) - Reason: On CRAN
    
     3. str formats authors properly (test-str.R:31:3) - Reason: On CRAN
    
     == Failed ======================================================================
     -- 1. Failure (test-to_latex.R:19:3): Test expected LaTeX output ---------------
     `new1` (`actual`) not equal to `old1` (`expected`).
    
     actual[5:11] vs expected[5:11]
     " \\item[Version] 1.0.0"
     " \\item[Authors@R] ~\\\\"
     " \\begin{description}"
     - " \\item[cre] Kirill M<U+663C><U+3E63>ller <\\href{mailto:aaa@bbb.xx}{aaa@bbb.xx}>"
     + " \\item[cre] Kirill Müller <\\href{mailto:aaa@bbb.xx}{aaa@bbb.xx}>"
     " \\end{description}"
     " \\item[Maintainer] \\{\\{ Maintainer \\}\\}"
     " \\item[Description] Words not in the dictionary must be `quoted'. ``Double quotes'' can also be used, as well as \\textbackslash \\_\\{\\}[]\\^\\$\\#\\%. Must end with a full stop."
    
     == DONE ========================================================================
     Error: Test failures
     Execution halted
Flavor: r-release-windows-ix86+x86_64

Version: 1.4.0
Check: tests
Result: ERROR
     Running 'testthat.R' [12s]
    Running the tests in 'tests/testthat.R' failed.
    Complete output:
     > library(testthat)
     > library(desc)
     >
     > test_check("desc", reporter = "summary")
     archives: .....................................
     assertions: .......
     authors: .............Authorremoved: Hadley Wickham.
     Authorremoved: Peter Danenberg.
     .........................S
     built: ..
     checks: .................................................
     collate: ..............................
     create: ................................
     deps: ........................................
     desc: .
     encoding: .............
     idempotent: ...
     non-oo: .............Authorremoved: Peter Danenberg.
     ...................
     queries: ......................................
     read: ..........
     remotes: .........
     repair: ..........
     spelling: S
     str: ...S...
     to_latex: 1
     trailing-ws: .....
     urls: .........
     utils: ............................
     validation: .
     versions: .......Package version bumped from '1.2.3' to '2.0.0'
     .Package version bumped from '1.2.3' to '1.3.0'
     .Package version bumped from '1.2.3' to '1.2.4'
     .Package version bumped from '1.2.3' to '1.2.3.9000'
     .Package version bumped from '1.5' to '2.0'
     .Package version bumped from '1.5' to '1.6'
     .Package version bumped from '1.5' to '1.5.1'
     .Package version bumped from '1.5' to '1.5.0.9000'
     .Package version bumped from '1.2.3.9000' to '2.0.0'
     .Package version bumped from '1.2.3.9000' to '1.3.0'
     .Package version bumped from '1.2.3.9000' to '1.2.4'
     .Package version bumped from '1.2.3.9000' to '1.2.3.9001'
     .Package version bumped from '1.2.3' to '2.0.0'
     .Package version bumped from '1.2.3' to '1.3.0'
     .Package version bumped from '1.2.3' to '1.2.4'
     .Package version bumped from '1.2.3' to '1.2.3.9000'
     .Package version bumped from '1.5' to '2.0'
     .Package version bumped from '1.5' to '1.6'
     .Package version bumped from '1.5' to '1.5.1'
     .Package version bumped from '1.5' to '1.5.0.9000'
     .Package version bumped from '1.2.3.9000' to '2.0.0'
     .Package version bumped from '1.2.3.9000' to '1.3.0'
     .Package version bumped from '1.2.3.9000' to '1.2.4'
     .Package version bumped from '1.2.3.9000' to '1.2.3.9001'
     ..
     write: ....
    
     == Skipped =====================================================================
     1. deparse_authors_at_r (test-authors.R:467:3) - Reason: On CRAN
    
     2. spelling (test-spelling.R:21:3) - Reason: On CRAN
    
     3. str formats authors properly (test-str.R:31:3) - Reason: On CRAN
    
     == Failed ======================================================================
     -- 1. Failure (test-to_latex.R:19:3): Test expected LaTeX output ---------------
     `new1` (`actual`) not equal to `old1` (`expected`).
    
     actual[5:11] vs expected[5:11]
     " \\item[Version] 1.0.0"
     " \\item[Authors@R] ~\\\\"
     " \\begin{description}"
     - " \\item[cre] Kirill M<U+663C><U+3E63>ller <\\href{mailto:aaa@bbb.xx}{aaa@bbb.xx}>"
     + " \\item[cre] Kirill Müller <\\href{mailto:aaa@bbb.xx}{aaa@bbb.xx}>"
     " \\end{description}"
     " \\item[Maintainer] \\{\\{ Maintainer \\}\\}"
     " \\item[Description] Words not in the dictionary must be `quoted'. ``Double quotes'' can also be used, as well as \\textbackslash \\_\\{\\}[]\\^\\$\\#\\%. Must end with a full stop."
    
     == DONE ========================================================================
     Keep trying!
     Error: Test failures
     Execution halted
Flavor: r-oldrel-windows-ix86+x86_64