CRAN Package Check Results for Package dexterMST

Last updated on 2021-12-02 22:55:50 CET.

Flavor Version Tinstall Tcheck Ttotal Status Flags
r-devel-linux-x86_64-debian-clang 0.9.2 59.06 153.41 212.47 OK
r-devel-linux-x86_64-debian-gcc 0.9.2 45.08 112.39 157.47 OK
r-devel-linux-x86_64-fedora-clang 0.9.2 278.24 OK
r-devel-linux-x86_64-fedora-gcc 0.9.2 262.72 OK
r-devel-windows-x86_64-new-UL 0.9.2 84.00 222.00 306.00 OK
r-devel-windows-x86_64-new-TK 0.9.2 OK
r-devel-windows-x86_64-old 0.9.2 75.00 147.00 222.00 OK
r-patched-linux-x86_64 0.9.2 51.65 142.70 194.35 OK
r-patched-solaris-x86 0.9.2 355.50 OK
r-release-linux-x86_64 0.9.2 51.33 144.12 195.45 OK
r-release-macos-arm64 0.9.2 NOTE
r-release-macos-x86_64 0.9.2 OK
r-release-windows-ix86+x86_64 0.9.2 138.00 262.00 400.00 OK
r-oldrel-macos-x86_64 0.9.2 OK
r-oldrel-windows-ix86+x86_64 0.9.2 138.00 268.00 406.00 OK

Check Details

Version: 0.9.2
Check: installed package size
Result: NOTE
     installed size is 5.5Mb
     sub-directories of 1Mb or more:
     libs 4.9Mb
Flavor: r-release-macos-arm64