CRAN Package Check Results for Package dfpk

Last updated on 2021-12-03 22:57:37 CET.

Flavor Version Tinstall Tcheck Ttotal Status Flags
r-devel-linux-x86_64-debian-clang 3.5.1 199.19 119.77 318.96 NOTE
r-devel-linux-x86_64-debian-gcc 3.5.1 171.40 94.84 266.24 NOTE
r-devel-linux-x86_64-fedora-clang 3.5.1 473.02 NOTE
r-devel-linux-x86_64-fedora-gcc 3.5.1 478.01 NOTE
r-devel-windows-x86_64-new-UL 3.5.1 231.00 218.00 449.00 NOTE
r-devel-windows-x86_64-new-TK 3.5.1 NOTE
r-devel-windows-x86_64-old 3.5.1 230.00 146.00 376.00 NOTE
r-patched-linux-x86_64 3.5.1 181.59 118.48 300.07 NOTE
r-release-linux-x86_64 3.5.1 181.03 116.73 297.76 NOTE
r-release-macos-arm64 3.5.1 NOTE
r-release-macos-x86_64 3.5.1 NOTE
r-release-windows-ix86+x86_64 3.5.1 435.00 252.00 687.00 NOTE
r-oldrel-macos-x86_64 3.5.1 NOTE
r-oldrel-windows-ix86+x86_64 3.5.1 433.00 255.00 688.00 NOTE

Check Details

Version: 3.5.1
Check: for GNU extensions in Makefiles
Result: NOTE
    GNU make is a SystemRequirements.
Flavors: r-devel-linux-x86_64-debian-clang, r-devel-linux-x86_64-debian-gcc, r-devel-linux-x86_64-fedora-clang, r-devel-linux-x86_64-fedora-gcc, r-devel-windows-x86_64-new-UL, r-devel-windows-x86_64-new-TK, r-devel-windows-x86_64-old, r-patched-linux-x86_64, r-release-linux-x86_64, r-release-macos-arm64, r-release-macos-x86_64, r-release-windows-ix86+x86_64, r-oldrel-macos-x86_64, r-oldrel-windows-ix86+x86_64

Version: 3.5.1
Check: installed package size
Result: NOTE
     installed size is 43.4Mb
     sub-directories of 1Mb or more:
     libs 42.7Mb
Flavors: r-devel-linux-x86_64-fedora-clang, r-release-macos-arm64, r-release-macos-x86_64, r-release-windows-ix86+x86_64, r-oldrel-macos-x86_64, r-oldrel-windows-ix86+x86_64