CRAN Package Check Results for Package dialectR

Last updated on 2022-01-28 23:00:32 CET.

Flavor Version Tinstall Tcheck Ttotal Status Flags
r-devel-linux-x86_64-debian-clang 1.0 65.76 110.65 176.41 OK
r-devel-linux-x86_64-debian-gcc 1.0 46.42 84.56 130.98 OK
r-devel-linux-x86_64-fedora-clang 1.0 248.80 NOTE
r-devel-linux-x86_64-fedora-gcc 1.0 219.21 NOTE
r-devel-windows-x86_64-new-UL 1.0 71.00 150.00 221.00 OK
r-devel-windows-x86_64-new-TK 1.0 NOTE
r-patched-linux-x86_64 1.0 56.63 102.57 159.20 OK
r-release-linux-x86_64 1.0 48.68 100.66 149.34 OK
r-release-macos-arm64 1.0 NOTE
r-release-macos-x86_64 1.0 NOTE
r-release-windows-ix86+x86_64 1.0 151.00 181.00 332.00 NOTE
r-oldrel-macos-x86_64 1.0 NOTE
r-oldrel-windows-ix86+x86_64 1.0 153.00 186.00 339.00 NOTE

Check Details

Version: 1.0
Check: data for non-ASCII characters
Result: NOTE
     Note: found 294851 marked UTF-8 strings
Flavors: r-devel-linux-x86_64-fedora-clang, r-devel-linux-x86_64-fedora-gcc, r-devel-windows-x86_64-new-TK, r-release-macos-arm64, r-release-macos-x86_64, r-oldrel-macos-x86_64

Version: 1.0
Check: installed package size
Result: NOTE
     installed size is 5.0Mb
     sub-directories of 1Mb or more:
     data 2.4Mb
     libs 2.2Mb
Flavors: r-release-macos-arm64, r-release-windows-ix86+x86_64, r-oldrel-windows-ix86+x86_64