CRAN Package Check Results for Package dielectric

Last updated on 2021-12-08 22:57:34 CET.

Flavor Version Tinstall Tcheck Ttotal Status Flags
r-devel-linux-x86_64-debian-clang 0.2.3 3.03 34.92 37.95 NOTE
r-devel-linux-x86_64-debian-gcc 0.2.3 2.26 27.45 29.71 NOTE
r-devel-linux-x86_64-fedora-clang 0.2.3 48.04 NOTE
r-devel-linux-x86_64-fedora-gcc 0.2.3 36.64 NOTE
r-devel-windows-x86_64-new-UL 0.2.3 13.00 63.00 76.00 NOTE
r-devel-windows-x86_64-new-TK 0.2.3 NOTE
r-devel-windows-x86_64-old 0.2.3 8.00 46.00 54.00 NOTE
r-patched-linux-x86_64 0.2.3 2.86 33.21 36.07 NOTE
r-release-linux-x86_64 0.2.3 2.36 32.79 35.15 NOTE
r-release-macos-arm64 0.2.3 NOTE
r-release-macos-x86_64 0.2.3 NOTE
r-release-windows-ix86+x86_64 0.2.3 7.00 47.00 54.00 NOTE
r-oldrel-macos-x86_64 0.2.3 NOTE
r-oldrel-windows-ix86+x86_64 0.2.3 10.00 46.00 56.00 NOTE

Check Details

Version: 0.2.3
Check: DESCRIPTION meta-information
Result: NOTE
    Malformed Title field: should not end in a period.
Flavors: r-devel-linux-x86_64-debian-clang, r-devel-linux-x86_64-debian-gcc, r-devel-linux-x86_64-fedora-clang, r-devel-linux-x86_64-fedora-gcc, r-devel-windows-x86_64-new-UL, r-devel-windows-x86_64-new-TK, r-devel-windows-x86_64-old, r-patched-linux-x86_64, r-release-linux-x86_64, r-release-macos-arm64, r-release-macos-x86_64, r-release-windows-ix86+x86_64, r-oldrel-macos-x86_64, r-oldrel-windows-ix86+x86_64

Version: 0.2.3
Check: dependencies in R code
Result: NOTE
    Package in Depends field not imported from: 'methods'
     These packages need to be imported from (in the NAMESPACE file)
     for when this namespace is loaded but not attached.
Flavors: r-devel-linux-x86_64-debian-clang, r-devel-linux-x86_64-debian-gcc, r-devel-linux-x86_64-fedora-clang, r-devel-linux-x86_64-fedora-gcc, r-devel-windows-x86_64-new-UL, r-devel-windows-x86_64-new-TK, r-devel-windows-x86_64-old, r-patched-linux-x86_64, r-release-linux-x86_64, r-release-macos-arm64, r-release-macos-x86_64, r-release-windows-ix86+x86_64, r-oldrel-macos-x86_64, r-oldrel-windows-ix86+x86_64

Version: 0.2.3
Check: R code for possible problems
Result: NOTE
    L2eV: no visible binding for global variable 'constants'
    L2w: no visible binding for global variable 'constants'
    dielectric: no visible global function definition for 'new'
    dielectric2plot: no visible global function definition for 'reshape'
    eV2L: no visible binding for global variable 'constants'
    t2eV: no visible binding for global variable 'constants'
    Undefined global functions or variables:
     constants new reshape
    Consider adding
     importFrom("methods", "new")
     importFrom("stats", "reshape")
    to your NAMESPACE file (and ensure that your DESCRIPTION Imports field
    contains 'methods').
Flavors: r-devel-linux-x86_64-debian-clang, r-devel-linux-x86_64-debian-gcc, r-devel-linux-x86_64-fedora-clang, r-devel-linux-x86_64-fedora-gcc, r-devel-windows-x86_64-new-UL, r-devel-windows-x86_64-new-TK, r-devel-windows-x86_64-old, r-patched-linux-x86_64, r-release-linux-x86_64, r-release-macos-arm64, r-release-macos-x86_64, r-release-windows-ix86+x86_64, r-oldrel-macos-x86_64, r-oldrel-windows-ix86+x86_64