CRAN Package Check Results for Package difR

Last updated on 2022-01-24 22:56:24 CET.

Flavor Version Tinstall Tcheck Ttotal Status Flags
r-devel-linux-x86_64-debian-clang 5.1 15.56 130.69 146.25 OK
r-devel-linux-x86_64-debian-gcc 5.1 17.07 100.10 117.17 OK
r-devel-linux-x86_64-fedora-clang 5.1 206.01 OK
r-devel-linux-x86_64-fedora-gcc 5.1 172.15 OK
r-devel-windows-x86_64-new-UL 5.1 45.00 143.00 188.00 OK
r-devel-windows-x86_64-new-TK 5.1 ERROR
r-patched-linux-x86_64 5.1 23.28 127.67 150.95 OK
r-release-linux-x86_64 5.1 15.79 127.07 142.86 OK
r-release-macos-arm64 5.1 OK
r-release-macos-x86_64 5.1 OK
r-release-windows-ix86+x86_64 5.1 36.00 144.00 180.00 OK
r-oldrel-macos-x86_64 5.1 OK
r-oldrel-windows-ix86+x86_64 5.1 36.00 148.00 184.00 OK

Check Details

Version: 5.1
Check: package dependencies
Result: ERROR
    Package required but not available: 'lme4'
    
    See section 'The DESCRIPTION file' in the 'Writing R Extensions'
    manual.
Flavor: r-devel-windows-x86_64-new-TK