CRAN Package Check Results for Package diffMeshGP

Last updated on 2021-12-04 22:59:32 CET.

Flavor Version Tinstall Tcheck Ttotal Status Flags
r-devel-linux-x86_64-debian-clang 0.1.0 1.99 29.18 31.17 NOTE
r-devel-linux-x86_64-debian-gcc 0.1.0 1.09 22.86 23.95 NOTE
r-devel-linux-x86_64-fedora-clang 0.1.0 38.27 NOTE
r-devel-linux-x86_64-fedora-gcc 0.1.0 27.91 NOTE
r-devel-windows-x86_64-new-UL 0.1.0 5.00 53.00 58.00 NOTE
r-devel-windows-x86_64-new-TK 0.1.0 NOTE
r-devel-windows-x86_64-old 0.1.0 3.00 28.00 31.00 NOTE
r-patched-linux-x86_64 0.1.0 2.03 19.37 21.40 NOTE
r-release-linux-x86_64 0.1.0 1.91 19.34 21.25 NOTE
r-release-macos-arm64 0.1.0 NOTE
r-release-macos-x86_64 0.1.0 NOTE
r-release-windows-ix86+x86_64 0.1.0 4.00 28.00 32.00 NOTE
r-oldrel-macos-x86_64 0.1.0 OK
r-oldrel-windows-ix86+x86_64 0.1.0 4.00 26.00 30.00 OK

Check Details

Version: 0.1.0
Check: LazyData
Result: NOTE
     'LazyData' is specified without a 'data' directory
Flavors: r-devel-linux-x86_64-debian-clang, r-devel-linux-x86_64-debian-gcc, r-devel-linux-x86_64-fedora-clang, r-devel-linux-x86_64-fedora-gcc, r-devel-windows-x86_64-new-UL, r-devel-windows-x86_64-new-TK, r-devel-windows-x86_64-old, r-patched-linux-x86_64, r-release-linux-x86_64, r-release-macos-arm64, r-release-macos-x86_64, r-release-windows-ix86+x86_64