CRAN Package Check Results for Package diptest

Last updated on 2022-01-20 22:54:00 CET.

Flavor Version Tinstall Tcheck Ttotal Status Flags
r-devel-linux-x86_64-debian-clang 0.76-0 OK
r-devel-linux-x86_64-debian-gcc 0.76-0 2.34 38.62 40.96 OK
r-devel-linux-x86_64-fedora-clang 0.76-0 65.62 OK
r-devel-linux-x86_64-fedora-gcc 0.76-0 55.28 OK
r-devel-windows-x86_64-new-UL 0.76-0 28.00 95.00 123.00 OK
r-devel-windows-x86_64-new-TK 0.76-0 OK
r-patched-linux-x86_64 0.76-0 2.48 48.04 50.52 OK
r-release-linux-x86_64 0.76-0 2.56 47.76 50.32 OK
r-release-macos-arm64 0.76-0 OK
r-release-macos-x86_64 0.76-0 OK
r-release-windows-ix86+x86_64 0.76-0 9.00 65.00 74.00 OK
r-oldrel-macos-x86_64 0.76-0 NOTE
r-oldrel-windows-ix86+x86_64 0.76-0 6.00 64.00 70.00 NOTE

Check Details

Version: 0.76-0
Check: contents of ‘data’ directory
Result: NOTE
    Output for data("exHartigan", package = "diptest"):
     'exHartigan' data is identical to 'statfaculty' and hence deprecated.
     Use the 'statfaculty' instead
Flavors: r-oldrel-macos-x86_64, r-oldrel-windows-ix86+x86_64