CRAN Package Check Results for Package discourseGT

Last updated on 2024-02-20 23:53:52 CET.

Flavor Version Tinstall Tcheck Ttotal Status Flags
r-devel-linux-x86_64-debian-clang 1.2.0 OK
r-devel-linux-x86_64-debian-gcc 1.2.0 2.76 40.18 42.94 OK
r-devel-linux-x86_64-fedora-clang 1.2.0 61.28 OK
r-devel-linux-x86_64-fedora-gcc 1.2.0 97.21 OK
r-devel-windows-x86_64 1.2.0 4.00 58.00 62.00 OK
r-patched-linux-x86_64 1.2.0 0.27 2.29 2.56 ERROR
r-release-linux-x86_64 1.2.0 3.89 53.07 56.96 OK
r-release-macos-arm64 1.2.0 36.00 OK
r-release-macos-x86_64 1.2.0 84.00 OK
r-release-windows-x86_64 1.2.0 6.00 64.00 70.00 OK
r-oldrel-macos-arm64 1.2.0 37.00 OK
r-oldrel-windows-x86_64 1.2.0 6.00 69.00 75.00 OK

Check Details

Version: 1.2.0
Check: whether package can be installed
Result: ERROR Installation failed. Flavor: r-patched-linux-x86_64