CRAN Package Check Results for Package discreteRV

Last updated on 2022-01-16 22:51:10 CET.

Flavor Version Tinstall Tcheck Ttotal Status Flags
r-devel-linux-x86_64-debian-clang 1.2.2 2.97 63.90 66.87 NOTE
r-devel-linux-x86_64-debian-gcc 1.2.2 1.87 46.44 48.31 NOTE
r-devel-linux-x86_64-fedora-clang 1.2.2 79.79 NOTE
r-devel-linux-x86_64-fedora-gcc 1.2.2 70.07 NOTE
r-devel-windows-x86_64-new-UL 1.2.2 76.00 84.00 160.00 NOTE
r-devel-windows-x86_64-new-TK 1.2.2 NOTE
r-patched-linux-x86_64 1.2.2 3.76 39.82 43.58 NOTE
r-release-linux-x86_64 1.2.2 NOTE
r-release-macos-arm64 1.2.2 NOTE
r-release-macos-x86_64 1.2.2 NOTE
r-release-windows-ix86+x86_64 1.2.2 8.00 54.00 62.00 NOTE
r-oldrel-macos-x86_64 1.2.2 OK
r-oldrel-windows-ix86+x86_64 1.2.2 8.00 53.00 61.00 OK

Check Details

Version: 1.2.2
Check: LazyData
Result: NOTE
     'LazyData' is specified without a 'data' directory
Flavors: r-devel-linux-x86_64-debian-clang, r-devel-linux-x86_64-debian-gcc, r-devel-linux-x86_64-fedora-clang, r-devel-linux-x86_64-fedora-gcc, r-devel-windows-x86_64-new-UL, r-devel-windows-x86_64-new-TK, r-patched-linux-x86_64, r-release-linux-x86_64, r-release-macos-arm64, r-release-macos-x86_64, r-release-windows-ix86+x86_64