CRAN Package Check Results for Package disdat

Last updated on 2023-06-03 22:56:39 CEST.

Flavor Version Tinstall Tcheck Ttotal Status Flags
r-devel-linux-x86_64-debian-clang 1.0-1 2.47 72.26 74.73 OK
r-devel-linux-x86_64-debian-gcc 1.0-1 2.19 54.31 56.50 OK
r-devel-linux-x86_64-fedora-clang 1.0-1 92.57 NOTE
r-devel-linux-x86_64-fedora-gcc 1.0-1 106.29 OK
r-devel-windows-x86_64 1.0-1 4.00 80.00 84.00 NOTE
r-patched-linux-x86_64 1.0-1 OK
r-release-linux-x86_64 1.0-1 2.30 69.01 71.31 OK
r-release-macos-arm64 1.0-1 37.00 NOTE
r-release-macos-x86_64 1.0-1 62.00 NOTE
r-release-windows-x86_64 1.0-1 4.00 90.00 94.00 NOTE
r-oldrel-macos-arm64 1.0-1 32.00 NOTE
r-oldrel-macos-x86_64 1.0-1 43.00 NOTE
r-oldrel-windows-x86_64 1.0-1 5.00 90.00 95.00 NOTE

Check Details

Version: 1.0-1
Check: installed package size
Result: NOTE
     installed size is 6.2Mb
     sub-directories of 1Mb or more:
     doc 1.5Mb
     extdata 4.2Mb
Flavors: r-devel-linux-x86_64-fedora-clang, r-devel-windows-x86_64, r-release-macos-arm64, r-release-macos-x86_64, r-release-windows-x86_64, r-oldrel-macos-arm64, r-oldrel-macos-x86_64, r-oldrel-windows-x86_64